Last updated on 2023-10-02 10:01:56 CEST.
Flavor | Version | Tinstall | Tcheck | Ttotal | Status | Flags |
---|---|---|---|---|---|---|
r-devel-linux-x86_64-debian-clang | 2.0.4 | 3.48 | 202.96 | 206.44 | OK | |
r-devel-linux-x86_64-debian-gcc | 2.0.4 | 3.61 | 147.52 | 151.13 | OK | |
r-devel-linux-x86_64-fedora-clang | 2.0.4 | 237.00 | NOTE | |||
r-devel-linux-x86_64-fedora-gcc | 2.0.4 | 245.63 | NOTE | |||
r-devel-windows-x86_64 | 2.0.4 | 6.00 | 160.00 | 166.00 | OK | |
r-patched-linux-x86_64 | 2.0.4 | 3.11 | 190.20 | 193.31 | OK | |
r-release-linux-x86_64 | 2.0.4 | 2.73 | 189.21 | 191.94 | OK | |
r-release-macos-arm64 | 2.0.4 | 85.00 | OK | |||
r-release-macos-x86_64 | 2.0.4 | 149.00 | OK | |||
r-release-windows-x86_64 | 2.0.4 | 7.00 | 334.00 | 341.00 | OK | |
r-oldrel-macos-arm64 | 2.0.4 | 65.00 | NOTE | |||
r-oldrel-macos-x86_64 | 2.0.4 | 125.00 | NOTE | |||
r-oldrel-windows-x86_64 | 2.0.4 | 6.00 | 206.00 | 212.00 | OK |
Version: 2.0.4
Check: dependencies in R code
Result: NOTE
Namespace in Imports field not imported from: ‘graphics’
All declared Imports should be used.
Flavors: r-devel-linux-x86_64-fedora-clang, r-devel-linux-x86_64-fedora-gcc, r-oldrel-macos-arm64, r-oldrel-macos-x86_64