CRAN Package Check Results for Package TVMM

Last updated on 2022-08-08 22:56:00 CEST.

Flavor Version Tinstall Tcheck Ttotal Status Flags
r-devel-linux-x86_64-debian-clang 3.2.1 16.96 133.03 149.99 NOTE
r-devel-linux-x86_64-debian-gcc 3.2.1 13.92 96.52 110.44 NOTE
r-devel-linux-x86_64-fedora-clang 3.2.1 187.30 NOTE
r-devel-linux-x86_64-fedora-gcc 3.2.1 186.16 NOTE
r-devel-windows-x86_64 3.2.1 19.00 227.00 246.00 NOTE
r-patched-linux-x86_64 3.2.1 19.06 138.66 157.72 NOTE
r-release-linux-x86_64 3.2.1 NOTE
r-release-macos-arm64 3.2.1 93.00 NOTE
r-release-macos-x86_64 3.2.1 173.00 NOTE
r-release-windows-x86_64 3.2.1 19.00 134.00 153.00 NOTE
r-oldrel-macos-arm64 3.2.1 95.00 NOTE
r-oldrel-macos-x86_64 3.2.1 94.00 NOTE
r-oldrel-windows-ix86+x86_64 3.2.1 37.00 138.00 175.00 NOTE

Check Details

Version: 3.2.1
Check: LazyData
Result: NOTE
     'LazyData' is specified without a 'data' directory
Flavors: r-devel-linux-x86_64-debian-clang, r-devel-linux-x86_64-debian-gcc, r-devel-linux-x86_64-fedora-clang, r-devel-linux-x86_64-fedora-gcc, r-devel-windows-x86_64, r-patched-linux-x86_64, r-release-linux-x86_64, r-release-macos-arm64, r-release-macos-x86_64, r-release-windows-x86_64, r-oldrel-macos-arm64, r-oldrel-macos-x86_64, r-oldrel-windows-ix86+x86_64