CRAN Package Check Results for Package TTCA

Last updated on 2019-08-24 22:46:40 CEST.

Flavor Version Tinstall Tcheck Ttotal Status Flags
r-devel-linux-x86_64-debian-clang 0.1.1 13.32 70.78 84.10 OK
r-devel-linux-x86_64-debian-gcc 0.1.1 10.11 56.45 66.56 OK
r-devel-linux-x86_64-fedora-clang 0.1.1 102.18 OK
r-devel-linux-x86_64-fedora-gcc 0.1.1 100.15 OK
r-devel-windows-ix86+x86_64 0.1.1 20.00 77.00 97.00 OK
r-patched-linux-x86_64 0.1.1 11.07 71.16 82.23 OK
r-patched-solaris-x86 0.1.1 160.20 OK
r-release-linux-x86_64 0.1.1 12.78 70.57 83.35 OK
r-release-windows-ix86+x86_64 0.1.1 26.00 123.00 149.00 OK
r-release-osx-x86_64 0.1.1 FAIL
r-oldrel-windows-ix86+x86_64 0.1.1 20.00 101.00 121.00 OK
r-oldrel-osx-x86_64 0.1.1 OK

Check Details

Version: 0.1.1
Check: whether package can be installed
Result: FAIL
    
Flavor: r-release-osx-x86_64