CRAN Package Check Results for Package TSMining

Last updated on 2019-09-20 15:47:16 CEST.

Flavor Version Tinstall Tcheck Ttotal Status Flags
r-devel-linux-x86_64-debian-clang 1.0 4.14 54.38 58.52 NOTE
r-devel-linux-x86_64-debian-gcc 1.0 3.40 41.75 45.15 NOTE
r-devel-linux-x86_64-fedora-clang 1.0 69.58 NOTE
r-devel-linux-x86_64-fedora-gcc 1.0 67.19 NOTE
r-devel-windows-ix86+x86_64 1.0 18.00 99.00 117.00 NOTE
r-patched-linux-x86_64 1.0 3.55 53.24 56.79 NOTE
r-patched-solaris-x86 1.0 102.30 NOTE
r-release-linux-x86_64 1.0 3.07 52.62 55.69 NOTE
r-release-windows-ix86+x86_64 1.0 11.00 65.00 76.00 NOTE
r-release-osx-x86_64 1.0 NOTE
r-oldrel-windows-ix86+x86_64 1.0 6.00 69.00 75.00 NOTE
r-oldrel-osx-x86_64 1.0 NOTE

Check Details

Version: 1.0
Check: R code for possible problems
Result: NOTE
    Func.SAX: no visible global function definition for 'sd'
    Func.SAX: no visible global function definition for 'qnorm'
    Func.matrix: no visible global function definition for 'qnorm'
    Func.motif: no visible global function definition for 'sd'
    Func.motif: no visible global function definition for 'na.omit'
    Func.motif: no visible global function definition for 'combn'
    Func.motif.multivariate: no visible global function definition for
     'txtProgressBar'
    Func.motif.multivariate: no visible global function definition for
     'setTxtProgressBar'
    Undefined global functions or variables:
     combn na.omit qnorm sd setTxtProgressBar txtProgressBar
    Consider adding
     importFrom("stats", "na.omit", "qnorm", "sd")
     importFrom("utils", "combn", "setTxtProgressBar", "txtProgressBar")
    to your NAMESPACE file.
Flavors: r-devel-linux-x86_64-debian-clang, r-devel-linux-x86_64-debian-gcc, r-devel-linux-x86_64-fedora-clang, r-devel-linux-x86_64-fedora-gcc, r-devel-windows-ix86+x86_64, r-patched-linux-x86_64, r-patched-solaris-x86, r-release-linux-x86_64, r-release-windows-ix86+x86_64, r-release-osx-x86_64, r-oldrel-windows-ix86+x86_64, r-oldrel-osx-x86_64