CRAN Package Check Results for Package TSGSIS

Last updated on 2022-08-11 01:49:21 CEST.

Flavor Version Tinstall Tcheck Ttotal Status Flags
r-devel-linux-x86_64-debian-clang 0.1 8.19 89.53 97.72 NOTE
r-devel-linux-x86_64-debian-gcc 0.1 6.88 67.44 74.32 NOTE
r-devel-linux-x86_64-fedora-clang 0.1 123.89 NOTE
r-devel-linux-x86_64-fedora-gcc 0.1 122.68 NOTE
r-devel-windows-x86_64 0.1 11.00 106.00 117.00 NOTE
r-patched-linux-x86_64 0.1 7.69 83.87 91.56 NOTE
r-release-linux-x86_64 0.1 NOTE
r-release-macos-arm64 0.1 33.00 NOTE
r-release-macos-x86_64 0.1 53.00 NOTE
r-release-windows-x86_64 0.1 10.00 109.00 119.00 NOTE
r-oldrel-macos-arm64 0.1 40.00 NOTE
r-oldrel-macos-x86_64 0.1 63.00 NOTE
r-oldrel-windows-ix86+x86_64 0.1 18.00 106.00 124.00 NOTE

Check Details

Version: 0.1
Check: LazyData
Result: NOTE
     'LazyData' is specified without a 'data' directory
Flavors: r-devel-linux-x86_64-debian-clang, r-devel-linux-x86_64-debian-gcc, r-devel-linux-x86_64-fedora-clang, r-devel-linux-x86_64-fedora-gcc, r-devel-windows-x86_64, r-patched-linux-x86_64, r-release-linux-x86_64, r-release-macos-arm64, r-release-macos-x86_64, r-release-windows-x86_64, r-oldrel-macos-arm64, r-oldrel-macos-x86_64, r-oldrel-windows-ix86+x86_64