CRAN Package Check Results for Package TSCS

Last updated on 2020-06-01 06:48:41 CEST.

Flavor Version Tinstall Tcheck Ttotal Status Flags
r-devel-linux-x86_64-debian-clang 0.1.1 8.58 66.46 75.04 OK
r-devel-linux-x86_64-debian-gcc 0.1.1 7.44 50.63 58.07 OK
r-devel-linux-x86_64-fedora-clang 0.1.1 95.64 OK
r-devel-linux-x86_64-fedora-gcc 0.1.1 87.78 OK
r-devel-windows-ix86+x86_64 0.1.1 29.00 106.00 135.00 OK
r-patched-linux-x86_64 0.1.1 8.55 64.17 72.72 OK
r-patched-solaris-x86 0.1.1 124.50 OK
r-release-linux-x86_64 0.1.1 8.18 64.54 72.72 OK
r-release-osx-x86_64 0.1.1 OK
r-release-windows-ix86+x86_64 0.1.1 18.00 83.00 101.00 OK
r-oldrel-osx-x86_64 0.1.1 WARN
r-oldrel-windows-ix86+x86_64 0.1.1 17.00 76.00 93.00 OK

Check Details

Version: 0.1.1
Check: whether package can be installed
Result: WARN
    Found the following significant warnings:
     Warning: 'rgl_init' failed, running with rgl.useNULL = TRUE
Flavor: r-oldrel-osx-x86_64