CRAN Package Check Results for Package TSCS

Last updated on 2024-04-17 13:57:47 CEST.

Flavor Version Tinstall Tcheck Ttotal Status Flags
r-devel-linux-x86_64-debian-clang 0.1.1 10.01 74.78 84.79 NOTE
r-devel-linux-x86_64-debian-gcc 0.1.1 7.38 56.83 64.21 NOTE
r-devel-linux-x86_64-fedora-clang 0.1.1 105.75 NOTE
r-devel-linux-x86_64-fedora-gcc 0.1.1 111.21 NOTE
r-prerel-macos-arm64 0.1.1 36.00 NOTE
r-prerel-windows-x86_64 0.1.1 9.00 188.00 197.00 NOTE
r-patched-linux-x86_64 0.1.1 10.59 71.09 81.68 NOTE
r-release-linux-x86_64 0.1.1 9.47 69.93 79.40 NOTE
r-release-macos-arm64 0.1.1 35.00 NOTE
r-release-macos-x86_64 0.1.1 52.00 NOTE
r-release-windows-x86_64 0.1.1 14.00 82.00 96.00 NOTE
r-oldrel-macos-arm64 0.1.1 30.00 NOTE
r-oldrel-windows-x86_64 0.1.1 12.00 187.00 199.00 NOTE

Check Details

Version: 0.1.1
Check: LazyData
Result: NOTE 'LazyData' is specified without a 'data' directory Flavors: r-devel-linux-x86_64-debian-clang, r-devel-linux-x86_64-debian-gcc, r-devel-linux-x86_64-fedora-clang, r-devel-linux-x86_64-fedora-gcc, r-prerel-macos-arm64, r-prerel-windows-x86_64, r-patched-linux-x86_64, r-release-linux-x86_64, r-release-macos-arm64, r-release-macos-x86_64, r-release-windows-x86_64, r-oldrel-macos-arm64, r-oldrel-windows-x86_64