CRAN Package Check Results for Package TSCS

Last updated on 2019-09-21 19:47:08 CEST.

Flavor Version Tinstall Tcheck Ttotal Status Flags
r-devel-linux-x86_64-debian-clang 0.1.1 7.63 53.69 61.32 OK
r-devel-linux-x86_64-debian-gcc 0.1.1 6.04 41.60 47.64 OK
r-devel-linux-x86_64-fedora-clang 0.1.1 73.42 OK
r-devel-linux-x86_64-fedora-gcc 0.1.1 71.76 OK
r-devel-windows-ix86+x86_64 0.1.1 35.00 103.00 138.00 OK
r-patched-linux-x86_64 0.1.1 6.89 52.20 59.09 NOTE
r-patched-solaris-x86 0.1.1 109.20 OK
r-release-linux-x86_64 0.1.1 7.18 51.84 59.02 NOTE
r-release-windows-ix86+x86_64 0.1.1 16.00 66.00 82.00 OK
r-release-osx-x86_64 0.1.1 WARN
r-oldrel-windows-ix86+x86_64 0.1.1 12.00 66.00 78.00 OK
r-oldrel-osx-x86_64 0.1.1 OK

Check Details

Version: 0.1.1
Check: DESCRIPTION meta-information
Result: NOTE
    Dependence on R version ‘3.4.2’ not with patchlevel 0
Flavors: r-patched-linux-x86_64, r-release-linux-x86_64

Version: 0.1.1
Check: whether package can be installed
Result: WARN
    Found the following significant warnings:
     Warning: 'rgl_init' failed, running with rgl.useNULL = TRUE
Flavor: r-release-osx-x86_64