CRAN Package Check Results for Package TR8

Last updated on 2020-07-11 08:48:44 CEST.

Flavor Version Tinstall Tcheck Ttotal Status Flags
r-devel-linux-x86_64-debian-clang 0.9.21 11.18 81.66 92.84 OK
r-devel-linux-x86_64-debian-gcc 0.9.21 8.47 62.72 71.19 OK
r-devel-linux-x86_64-fedora-gcc 0.9.21 111.29 NOTE
r-devel-windows-ix86+x86_64 0.9.21 23.00 107.00 130.00 OK
r-patched-linux-x86_64 0.9.21 10.46 81.70 92.16 OK
r-patched-solaris-x86 0.9.21 162.10 NOTE
r-release-linux-x86_64 0.9.21 11.25 79.62 90.87 OK
r-release-osx-x86_64 0.9.21 NOTE
r-release-windows-ix86+x86_64 0.9.21 25.00 108.00 133.00 OK
r-oldrel-osx-x86_64 0.9.21 NOTE
r-oldrel-windows-ix86+x86_64 0.9.21 22.00 87.00 109.00 OK

Check Details

Version: 0.9.21
Check: data for non-ASCII characters
Result: NOTE
     Note: found 153 marked Latin-1 strings
     Note: found 108 marked UTF-8 strings
Flavors: r-devel-linux-x86_64-fedora-gcc, r-patched-solaris-x86, r-release-osx-x86_64, r-oldrel-osx-x86_64