Last updated on 2022-06-27 08:50:15 CEST.
Flavor | Version | Tinstall | Tcheck | Ttotal | Status | Flags |
---|---|---|---|---|---|---|
r-devel-linux-x86_64-debian-clang | 0.9.22 | 14.84 | 117.37 | 132.21 | OK | |
r-devel-linux-x86_64-debian-gcc | 0.9.22 | 10.10 | 88.99 | 99.09 | OK | |
r-devel-linux-x86_64-fedora-clang | 0.9.22 | 166.01 | NOTE | |||
r-devel-linux-x86_64-fedora-gcc | 0.9.22 | 163.06 | NOTE | |||
r-devel-windows-x86_64 | 0.9.22 | 30.00 | 178.00 | 208.00 | OK | |
r-patched-linux-x86_64 | 0.9.22 | 9.43 | 111.31 | 120.74 | OK | |
r-release-linux-x86_64 | 0.9.22 | 9.17 | 109.59 | 118.76 | OK | |
r-release-macos-arm64 | 0.9.22 | 49.00 | NOTE | |||
r-release-macos-x86_64 | 0.9.22 | 80.00 | NOTE | |||
r-release-windows-x86_64 | 0.9.22 | 33.00 | 189.00 | 222.00 | OK | |
r-oldrel-macos-arm64 | 0.9.22 | 57.00 | NOTE | |||
r-oldrel-macos-x86_64 | 0.9.22 | 96.00 | NOTE | |||
r-oldrel-windows-ix86+x86_64 | 0.9.22 | 30.00 | 364.00 | 394.00 | OK |
Version: 0.9.22
Check: data for non-ASCII characters
Result: NOTE
Note: found 153 marked Latin-1 strings
Note: found 108 marked UTF-8 strings
Flavors: r-devel-linux-x86_64-fedora-clang, r-devel-linux-x86_64-fedora-gcc, r-release-macos-arm64, r-release-macos-x86_64, r-oldrel-macos-arm64, r-oldrel-macos-x86_64