Last updated on 2023-12-10 07:49:55 CET.
Flavor | Version | Tinstall | Tcheck | Ttotal | Status | Flags |
---|---|---|---|---|---|---|
r-devel-linux-x86_64-debian-clang | 2.0.0 | 44.32 | 621.63 | 665.95 | OK | |
r-devel-linux-x86_64-debian-gcc | 2.0.0 | 37.74 | 460.69 | 498.43 | OK | |
r-devel-linux-x86_64-fedora-clang | 2.0.0 | 825.62 | NOTE | |||
r-devel-linux-x86_64-fedora-gcc | 2.0.0 | 849.13 | OK | |||
r-devel-windows-x86_64 | 2.0.0 | 12.00 | 10.00 | 22.00 | ERROR | |
r-patched-linux-x86_64 | 2.0.0 | 39.37 | 608.13 | 647.50 | OK | |
r-release-linux-x86_64 | 2.0.0 | 35.83 | 595.74 | 631.57 | OK | |
r-release-macos-arm64 | 2.0.0 | 9.00 | ERROR | |||
r-release-macos-x86_64 | 2.0.0 | 9.00 | ERROR | |||
r-release-windows-x86_64 | 2.0.0 | 16.00 | 5.00 | 21.00 | ERROR | |
r-oldrel-macos-arm64 | 2.0.0 | 8.00 | ERROR | |||
r-oldrel-macos-x86_64 | 2.0.0 | 24.00 | ERROR | |||
r-oldrel-windows-x86_64 | 2.0.0 | 57.00 | 832.00 | 889.00 | NOTE |
Version: 2.0.0
Check: package dependencies
Result: NOTE
Imports includes 36 non-default packages.
Importing from so many packages makes the package vulnerable to any of
them becoming unavailable. Move as many as possible to Suggests and
use conditionally.
Flavor: r-devel-linux-x86_64-fedora-clang
Version: 2.0.0
Check: installed package size
Result: NOTE
installed size is 6.4Mb
sub-directories of 1Mb or more:
data-tables 1.5Mb
doc 2.0Mb
help 1.2Mb
Flavors: r-devel-linux-x86_64-fedora-clang, r-oldrel-windows-x86_64
Version: 2.0.0
Check: whether package can be installed
Result: ERROR
Installation failed.
Flavors: r-devel-windows-x86_64, r-release-windows-x86_64
Version: 2.0.0
Check: package dependencies
Result: ERROR
Package required but not available: ‘EnhancedVolcano’
See section ‘The DESCRIPTION file’ in the ‘Writing R Extensions’
manual.
Flavors: r-release-macos-arm64, r-release-macos-x86_64, r-oldrel-macos-x86_64
Version: 2.0.0
Check: package dependencies
Result: ERROR
Packages required but not available: 'EnhancedVolcano', 'Mfuzz'
See section ‘The DESCRIPTION file’ in the ‘Writing R Extensions’
manual.
Flavor: r-oldrel-macos-arm64