CRAN Package Check Results for Package TOSTER

Last updated on 2021-06-23 02:51:12 CEST.

Flavor Version Tinstall Tcheck Ttotal Status Flags
r-devel-linux-x86_64-debian-clang 0.3.4 22.98 64.44 87.42 OK
r-devel-linux-x86_64-debian-gcc 0.3.4 15.40 47.66 63.06 OK
r-devel-linux-x86_64-fedora-clang 0.3.4 114.23 NOTE
r-devel-linux-x86_64-fedora-gcc 0.3.4 102.36 NOTE
r-devel-windows-x86_64 0.3.4 32.00 79.00 111.00 OK
r-devel-windows-x86_64-gcc10-UCRT 0.3.4 NOTE
r-patched-linux-x86_64 0.3.4 18.70 59.89 78.59 OK
r-patched-solaris-x86 0.3.4 132.60 NOTE
r-release-linux-x86_64 0.3.4 19.72 60.38 80.10 OK
r-release-macos-arm64 0.3.4 NOTE
r-release-macos-x86_64 0.3.4 NOTE
r-release-windows-ix86+x86_64 0.3.4 25.00 84.00 109.00 OK
r-oldrel-macos-x86_64 0.3.4 NOTE

Check Details

Version: 0.3.4
Check: dependencies in R code
Result: NOTE
    Namespaces in Imports field not imported from:
     ‘R6’ ‘jmvcore’
     All declared Imports should be used.
Flavors: r-devel-linux-x86_64-fedora-clang, r-devel-linux-x86_64-fedora-gcc, r-devel-windows-x86_64-gcc10-UCRT, r-patched-solaris-x86, r-release-macos-arm64, r-release-macos-x86_64, r-oldrel-macos-x86_64