CRAN Package Check Results for Package TNC

Last updated on 2023-06-09 18:52:14 CEST.

Flavor Version Tinstall Tcheck Ttotal Status Flags
r-devel-linux-x86_64-debian-clang 0.1.0 1.91 27.98 29.89 NOTE
r-devel-linux-x86_64-debian-gcc 0.1.0 2.07 21.40 23.47 NOTE
r-devel-linux-x86_64-fedora-clang 0.1.0 38.64 NOTE
r-devel-linux-x86_64-fedora-gcc 0.1.0 36.00 NOTE
r-devel-windows-x86_64 0.1.0 9.00 43.00 52.00 NOTE
r-patched-linux-x86_64 0.1.0 2.43 26.37 28.80 NOTE
r-release-linux-x86_64 0.1.0 2.61 26.51 29.12 NOTE
r-release-macos-arm64 0.1.0 18.00 NOTE
r-release-macos-x86_64 0.1.0 22.00 NOTE
r-release-windows-x86_64 0.1.0 4.00 47.00 51.00 NOTE
r-oldrel-macos-arm64 0.1.0 18.00 NOTE
r-oldrel-macos-x86_64 0.1.0 21.00 NOTE
r-oldrel-windows-x86_64 0.1.0 4.00 47.00 51.00 NOTE

Check Details

Version: 0.1.0
Check: LazyData
Result: NOTE
     'LazyData' is specified without a 'data' directory
Flavors: r-devel-linux-x86_64-debian-clang, r-devel-linux-x86_64-debian-gcc, r-devel-linux-x86_64-fedora-clang, r-devel-linux-x86_64-fedora-gcc, r-devel-windows-x86_64, r-patched-linux-x86_64, r-release-linux-x86_64, r-release-macos-arm64, r-release-macos-x86_64, r-release-windows-x86_64, r-oldrel-macos-arm64, r-oldrel-macos-x86_64, r-oldrel-windows-x86_64