CRAN Package Check Results for Package TH.data

Last updated on 2021-12-08 13:56:22 CET.

Flavor Version Tinstall Tcheck Ttotal Status Flags
r-devel-linux-x86_64-debian-clang 1.1-0 6.51 94.56 101.07 OK
r-devel-linux-x86_64-debian-gcc 1.1-0 4.63 73.27 77.90 OK
r-devel-linux-x86_64-fedora-clang 1.1-0 129.76 NOTE
r-devel-linux-x86_64-fedora-gcc 1.1-0 114.56 OK
r-devel-windows-x86_64-new-UL 1.1-0 13.00 488.00 501.00 NOTE
r-devel-windows-x86_64-new-TK 1.1-0 OK
r-devel-windows-x86_64-old 1.1-0 11.00 537.00 548.00 NOTE
r-patched-linux-x86_64 1.1-0 6.55 89.37 95.92 OK
r-release-linux-x86_64 1.1-0 6.67 89.32 95.99 OK
r-release-macos-arm64 1.1-0 NOTE
r-release-macos-x86_64 1.1-0 NOTE
r-release-windows-ix86+x86_64 1.1-0 11.00 551.00 562.00 NOTE
r-oldrel-macos-x86_64 1.1-0 NOTE
r-oldrel-windows-ix86+x86_64 1.1-0 14.00 552.00 566.00 NOTE

Check Details

Version: 1.1-0
Check: installed package size
Result: NOTE
     installed size is 8.9Mb
     sub-directories of 1Mb or more:
     data 1.2Mb
     rda 7.1Mb
Flavors: r-devel-linux-x86_64-fedora-clang, r-devel-windows-x86_64-new-UL, r-devel-windows-x86_64-old, r-release-macos-arm64, r-release-macos-x86_64, r-release-windows-ix86+x86_64, r-oldrel-macos-x86_64, r-oldrel-windows-ix86+x86_64