Last updated on 2023-03-29 09:51:04 CEST.
Flavor | Version | Tinstall | Tcheck | Ttotal | Status | Flags |
---|---|---|---|---|---|---|
r-devel-linux-x86_64-debian-clang | 1.0.1 | 5.29 | 36.28 | 41.57 | NOTE | |
r-devel-linux-x86_64-debian-gcc | 1.0.1 | 3.69 | 27.23 | 30.92 | NOTE | |
r-devel-linux-x86_64-fedora-clang | 1.0.1 | 50.66 | NOTE | |||
r-devel-linux-x86_64-fedora-gcc | 1.0.1 | 61.60 | NOTE | |||
r-devel-windows-x86_64 | 1.0.1 | 21.00 | 71.00 | 92.00 | NOTE | |
r-patched-linux-x86_64 | 1.0.1 | 3.95 | 34.38 | 38.33 | NOTE | |
r-release-linux-x86_64 | 1.0.1 | 3.30 | 35.09 | 38.39 | NOTE | |
r-release-macos-arm64 | 1.0.1 | 21.00 | NOTE | |||
r-release-macos-x86_64 | 1.0.1 | 26.00 | NOTE | |||
r-release-windows-x86_64 | 1.0.1 | 30.00 | 63.00 | 93.00 | NOTE | |
r-oldrel-macos-arm64 | 1.0.1 | 25.00 | NOTE | |||
r-oldrel-macos-x86_64 | 1.0.1 | 33.00 | NOTE | |||
r-oldrel-windows-ix86+x86_64 | 1.0.1 | 10.00 | 61.00 | 71.00 | NOTE |
Version: 1.0.1
Check: LazyData
Result: NOTE
'LazyData' is specified without a 'data' directory
Flavors: r-devel-linux-x86_64-debian-clang, r-devel-linux-x86_64-debian-gcc, r-devel-linux-x86_64-fedora-clang, r-devel-linux-x86_64-fedora-gcc, r-devel-windows-x86_64, r-patched-linux-x86_64, r-release-linux-x86_64, r-release-macos-arm64, r-release-macos-x86_64, r-release-windows-x86_64, r-oldrel-macos-arm64, r-oldrel-macos-x86_64, r-oldrel-windows-ix86+x86_64
Version: 1.0.1
Check: dependencies in R code
Result: NOTE
Namespace in Imports field not imported from: ‘ggm’
All declared Imports should be used.
Flavors: r-devel-linux-x86_64-fedora-clang, r-devel-linux-x86_64-fedora-gcc, r-release-macos-arm64, r-release-macos-x86_64, r-oldrel-macos-arm64, r-oldrel-macos-x86_64