CRAN Package Check Results for Package TGS

Last updated on 2020-07-11 09:49:09 CEST.

Flavor Version Tinstall Tcheck Ttotal Status Flags
r-devel-linux-x86_64-debian-clang 1.0.1 4.10 32.97 37.07 OK
r-devel-linux-x86_64-debian-gcc 1.0.1 3.61 25.57 29.18 OK
r-devel-linux-x86_64-fedora-gcc 1.0.1 44.70 NOTE
r-devel-windows-ix86+x86_64 1.0.1 9.00 62.00 71.00 OK
r-patched-linux-x86_64 1.0.1 4.45 33.04 37.49 OK
r-patched-solaris-x86 1.0.1 63.20 NOTE
r-release-linux-x86_64 1.0.1 3.71 33.27 36.98 OK
r-release-osx-x86_64 1.0.1 NOTE
r-release-windows-ix86+x86_64 1.0.1 7.00 47.00 54.00 OK
r-oldrel-osx-x86_64 1.0.1 NOTE
r-oldrel-windows-ix86+x86_64 1.0.1 9.00 38.00 47.00 OK

Check Details

Version: 1.0.1
Check: dependencies in R code
Result: NOTE
    Namespace in Imports field not imported from: ‘ggm’
     All declared Imports should be used.
Flavors: r-devel-linux-x86_64-fedora-gcc, r-patched-solaris-x86, r-release-osx-x86_64, r-oldrel-osx-x86_64