CRAN Package Check Results for Package TFMPvalue

Last updated on 2023-03-21 09:54:12 CET.

Flavor Version Tinstall Tcheck Ttotal Status Flags
r-devel-linux-x86_64-debian-clang 0.0.9 NOTE
r-devel-linux-x86_64-debian-gcc 0.0.9 13.69 21.37 35.06 NOTE
r-devel-linux-x86_64-fedora-clang 0.0.9 72.02 NOTE
r-devel-linux-x86_64-fedora-gcc 0.0.9 57.40 NOTE
r-devel-windows-x86_64 0.0.9 29.00 77.00 106.00 NOTE
r-patched-linux-x86_64 0.0.9 12.94 26.74 39.68 OK
r-release-linux-x86_64 0.0.9 13.64 27.53 41.17 OK
r-release-macos-arm64 0.0.9 25.00 OK
r-release-macos-x86_64 0.0.9 29.00 OK
r-release-windows-x86_64 0.0.9 23.00 78.00 101.00 OK
r-oldrel-macos-arm64 0.0.9 23.00 OK
r-oldrel-macos-x86_64 0.0.9 40.00 OK
r-oldrel-windows-ix86+x86_64 0.0.9 47.00 79.00 126.00 OK

Check Details

Version: 0.0.9
Check: C++ specification
Result: NOTE
     Specified C++11: please drop specification unless essential
Flavors: r-devel-linux-x86_64-debian-clang, r-devel-linux-x86_64-debian-gcc, r-devel-linux-x86_64-fedora-clang, r-devel-linux-x86_64-fedora-gcc, r-devel-windows-x86_64