CRAN Package Check Results for Package TEAM

Last updated on 2024-06-13 05:59:24 CEST.

Flavor Version Tinstall Tcheck Ttotal Status Flags
r-devel-linux-x86_64-debian-clang 0.1.0 11.62 96.10 107.72 NOTE
r-devel-linux-x86_64-debian-gcc 0.1.0 0.33 1.72 2.05 ERROR
r-devel-linux-x86_64-fedora-clang 0.1.0 133.64 NOTE
r-devel-linux-x86_64-fedora-gcc 0.1.0 125.14 NOTE
r-devel-windows-x86_64 0.1.0 10.00 85.00 95.00 NOTE
r-patched-linux-x86_64 0.1.0 8.96 93.08 102.04 NOTE
r-release-linux-x86_64 0.1.0 8.34 89.55 97.89 NOTE
r-release-macos-arm64 0.1.0 40.00 NOTE
r-release-macos-x86_64 0.1.0 60.00 NOTE
r-release-windows-x86_64 0.1.0 11.00 89.00 100.00 NOTE
r-oldrel-macos-arm64 0.1.0 48.00 NOTE
r-oldrel-macos-x86_64 0.1.0 68.00 NOTE
r-oldrel-windows-x86_64 0.1.0 13.00 111.00 124.00 NOTE

Check Details

Version: 0.1.0
Check: LazyData
Result: NOTE 'LazyData' is specified without a 'data' directory Flavors: r-devel-linux-x86_64-debian-clang, r-devel-linux-x86_64-fedora-clang, r-devel-linux-x86_64-fedora-gcc, r-devel-windows-x86_64, r-patched-linux-x86_64, r-release-linux-x86_64, r-release-macos-arm64, r-release-macos-x86_64, r-release-windows-x86_64, r-oldrel-macos-arm64, r-oldrel-macos-x86_64, r-oldrel-windows-x86_64

Version: 0.1.0
Check: package dependencies
Result: ERROR Package required but not available: ‘ggplot2’ See section ‘The DESCRIPTION file’ in the ‘Writing R Extensions’ manual. Flavor: r-devel-linux-x86_64-debian-gcc