CRAN Package Check Results for Package TAM

Last updated on 2022-06-28 00:51:28 CEST.

Flavor Version Tinstall Tcheck Ttotal Status Flags
r-devel-linux-x86_64-debian-clang 4.0-16 226.78 204.12 430.90 OK
r-devel-linux-x86_64-debian-gcc 4.0-16 166.09 146.75 312.84 OK
r-devel-linux-x86_64-fedora-clang 4.0-16 595.27 NOTE
r-devel-linux-x86_64-fedora-gcc 4.0-16 570.73 OK
r-devel-windows-x86_64 4.0-16 248.00 336.00 584.00 OK
r-patched-linux-x86_64 4.0-16 189.73 188.48 378.21 OK
r-release-linux-x86_64 4.0-16 188.03 188.77 376.80 OK
r-release-macos-arm64 4.0-16 137.00 NOTE
r-release-macos-x86_64 4.0-16 170.00 NOTE
r-release-windows-x86_64 4.0-16 255.00 335.00 590.00 OK
r-oldrel-macos-arm64 4.0-16 141.00 NOTE
r-oldrel-macos-x86_64 4.0-16 166.00 NOTE
r-oldrel-windows-ix86+x86_64 4.0-16 529.00 487.00 1016.00 OK

Check Details

Version: 4.0-16
Check: installed package size
Result: NOTE
     installed size is 5.9Mb
     sub-directories of 1Mb or more:
     R 1.3Mb
     libs 3.6Mb
Flavors: r-devel-linux-x86_64-fedora-clang, r-release-macos-arm64, r-release-macos-x86_64, r-oldrel-macos-arm64, r-oldrel-macos-x86_64

Version: 4.0-16
Check: Rd cross-references
Result: NOTE
    Undeclared package ‘mirt’ in Rd xrefs
Flavor: r-devel-linux-x86_64-fedora-clang