Last updated on 2023-02-06 09:55:59 CET.
Flavor | Version | Tinstall | Tcheck | Ttotal | Status | Flags |
---|---|---|---|---|---|---|
r-devel-linux-x86_64-debian-clang | 4.1-4 | 246.32 | 209.83 | 456.15 | OK | |
r-devel-linux-x86_64-debian-gcc | 4.1-4 | 181.29 | 152.42 | 333.71 | OK | |
r-devel-linux-x86_64-fedora-clang | 4.1-4 | 630.87 | NOTE | |||
r-devel-linux-x86_64-fedora-gcc | 4.1-4 | 562.03 | OK | |||
r-devel-windows-x86_64 | 4.1-4 | 290.00 | 518.00 | 808.00 | OK | |
r-patched-linux-x86_64 | 4.1-4 | 194.98 | 196.04 | 391.02 | OK | |
r-release-linux-x86_64 | 4.1-4 | 187.54 | 197.56 | 385.10 | OK | |
r-release-macos-arm64 | 4.1-4 | 138.00 | NOTE | |||
r-release-macos-x86_64 | 4.1-4 | 164.00 | NOTE | |||
r-release-windows-x86_64 | 4.1-4 | 255.00 | 536.00 | 791.00 | OK | |
r-oldrel-macos-arm64 | 4.1-4 | 128.00 | NOTE | |||
r-oldrel-macos-x86_64 | 4.1-4 | 164.00 | NOTE | |||
r-oldrel-windows-ix86+x86_64 | 4.1-4 | 530.00 | 274.00 | 804.00 | OK |
Version: 4.1-4
Check: Rd cross-references
Result: NOTE
Undeclared package ‘mirt’ in Rd xrefs
Flavor: r-devel-linux-x86_64-fedora-clang
Version: 4.1-4
Check: installed package size
Result: NOTE
installed size is 7.7Mb
sub-directories of 1Mb or more:
R 2.0Mb
libs 4.7Mb
Flavors: r-release-macos-arm64, r-release-macos-x86_64, r-oldrel-macos-arm64, r-oldrel-macos-x86_64