CRAN Package Check Results for Package SympluR

Last updated on 2019-12-14 05:47:47 CET.

Flavor Version Tinstall Tcheck Ttotal Status Flags
r-devel-linux-x86_64-debian-clang 0.3.0 2.91 27.13 30.04 OK
r-devel-linux-x86_64-debian-gcc 0.3.0 2.31 21.77 24.08 OK
r-devel-linux-x86_64-fedora-clang 0.3.0 37.73 NOTE
r-devel-linux-x86_64-fedora-gcc 0.3.0 35.96 NOTE
r-devel-windows-ix86+x86_64 0.3.0 7.00 84.00 91.00 OK
r-devel-windows-ix86+x86_64-gcc8 0.3.0 8.00 79.00 87.00 OK
r-patched-linux-x86_64 0.3.0 2.60 24.83 27.43 OK
r-patched-solaris-x86 0.3.0 52.30 NOTE
r-release-linux-x86_64 0.3.0 2.32 25.03 27.35 OK
r-release-windows-ix86+x86_64 0.3.0 5.00 65.00 70.00 OK
r-release-osx-x86_64 0.3.0 NOTE
r-oldrel-windows-ix86+x86_64 0.3.0 3.00 66.00 69.00 OK
r-oldrel-osx-x86_64 0.3.0 NOTE

Check Details

Version: 0.3.0
Check: dependencies in R code
Result: NOTE
    Namespace in Imports field not imported from: ‘readr’
     All declared Imports should be used.
Flavors: r-devel-linux-x86_64-fedora-clang, r-devel-linux-x86_64-fedora-gcc, r-patched-solaris-x86, r-release-osx-x86_64, r-oldrel-osx-x86_64