CRAN Package Check Results for Package SyScSelection

Last updated on 2023-03-28 02:55:07 CEST.

Flavor Version Tinstall Tcheck Ttotal Status Flags
r-devel-linux-x86_64-debian-clang 1.0.2 1.95 27.69 29.64 NOTE
r-devel-linux-x86_64-debian-gcc 1.0.2 1.99 21.90 23.89 NOTE
r-devel-linux-x86_64-fedora-clang 1.0.2 39.23 NOTE
r-devel-linux-x86_64-fedora-gcc 1.0.2 51.02 NOTE
r-devel-windows-x86_64 1.0.2 52.00 60.00 112.00 NOTE
r-patched-linux-x86_64 1.0.2 3.03 27.12 30.15 NOTE
r-release-linux-x86_64 1.0.2 2.92 28.57 31.49 NOTE
r-release-macos-arm64 1.0.2 17.00 NOTE
r-release-macos-x86_64 1.0.2 23.00 NOTE
r-release-windows-x86_64 1.0.2 26.00 62.00 88.00 NOTE
r-oldrel-macos-arm64 1.0.2 17.00 NOTE
r-oldrel-macos-x86_64 1.0.2 28.00 NOTE
r-oldrel-windows-ix86+x86_64 1.0.2 7.00 54.00 61.00 NOTE

Check Details

Version: 1.0.2
Check: LazyData
Result: NOTE
     'LazyData' is specified without a 'data' directory
Flavors: r-devel-linux-x86_64-debian-clang, r-devel-linux-x86_64-debian-gcc, r-devel-linux-x86_64-fedora-clang, r-devel-linux-x86_64-fedora-gcc, r-devel-windows-x86_64, r-patched-linux-x86_64, r-release-linux-x86_64, r-release-macos-arm64, r-release-macos-x86_64, r-release-windows-x86_64, r-oldrel-macos-arm64, r-oldrel-macos-x86_64, r-oldrel-windows-ix86+x86_64