CRAN Package Check Results for Package SyScSelection

Last updated on 2024-04-20 05:59:09 CEST.

Flavor Version Tinstall Tcheck Ttotal Status Flags
r-devel-linux-x86_64-debian-clang 1.0.2 2.04 30.28 32.32 NOTE
r-devel-linux-x86_64-debian-gcc 1.0.2 2.05 23.42 25.47 NOTE
r-devel-linux-x86_64-fedora-clang 1.0.2 43.63 NOTE
r-devel-linux-x86_64-fedora-gcc 1.0.2 55.80 NOTE
r-prerel-macos-arm64 1.0.2 22.00 NOTE
r-prerel-windows-x86_64 1.0.2 4.00 47.00 51.00 NOTE
r-patched-linux-x86_64 1.0.2 2.71 29.83 32.54 NOTE
r-release-linux-x86_64 1.0.2 2.24 27.54 29.78 NOTE
r-release-macos-arm64 1.0.2 21.00 NOTE
r-release-macos-x86_64 1.0.2 32.00 NOTE
r-release-windows-x86_64 1.0.2 3.00 48.00 51.00 NOTE
r-oldrel-macos-arm64 1.0.2 18.00 NOTE
r-oldrel-windows-x86_64 1.0.2 4.00 49.00 53.00 NOTE

Check Details

Version: 1.0.2
Check: LazyData
Result: NOTE 'LazyData' is specified without a 'data' directory Flavors: r-devel-linux-x86_64-debian-clang, r-devel-linux-x86_64-debian-gcc, r-devel-linux-x86_64-fedora-clang, r-devel-linux-x86_64-fedora-gcc, r-prerel-macos-arm64, r-prerel-windows-x86_64, r-patched-linux-x86_64, r-release-linux-x86_64, r-release-macos-arm64, r-release-macos-x86_64, r-release-windows-x86_64, r-oldrel-macos-arm64, r-oldrel-windows-x86_64