CRAN Package Check Results for Package SurrogateRegression

Last updated on 2021-12-04 10:52:47 CET.

Flavor Version Tinstall Tcheck Ttotal Status Flags
r-devel-linux-x86_64-debian-clang 0.5.0 40.78 45.73 86.51 NOTE
r-devel-linux-x86_64-debian-gcc 0.5.0 33.52 36.30 69.82 NOTE
r-devel-linux-x86_64-fedora-clang 0.5.0 136.95 NOTE
r-devel-linux-x86_64-fedora-gcc 0.5.0 117.39 NOTE
r-devel-windows-x86_64-new-UL 0.5.0 67.00 132.00 199.00 NOTE
r-devel-windows-x86_64-new-TK 0.5.0 NOTE
r-devel-windows-x86_64-old 0.5.0 67.00 53.00 120.00 NOTE
r-patched-linux-x86_64 0.5.0 40.50 36.61 77.11 NOTE
r-release-linux-x86_64 0.5.0 46.14 36.61 82.75 NOTE
r-release-macos-arm64 0.5.0 NOTE
r-release-macos-x86_64 0.5.0 NOTE
r-release-windows-ix86+x86_64 0.5.0 127.00 85.00 212.00 NOTE
r-oldrel-macos-x86_64 0.5.0 NOTE
r-oldrel-windows-ix86+x86_64 0.5.0 125.00 94.00 219.00 OK

Check Details

Version: 0.5.0
Check: LazyData
Result: NOTE
     'LazyData' is specified without a 'data' directory
Flavors: r-devel-linux-x86_64-debian-clang, r-devel-linux-x86_64-debian-gcc, r-devel-linux-x86_64-fedora-clang, r-devel-linux-x86_64-fedora-gcc, r-devel-windows-x86_64-new-UL, r-devel-windows-x86_64-new-TK, r-devel-windows-x86_64-old, r-patched-linux-x86_64, r-release-linux-x86_64, r-release-macos-arm64, r-release-macos-x86_64, r-release-windows-ix86+x86_64

Version: 0.5.0
Check: dependencies in R code
Result: NOTE
    Namespace in Imports field not imported from: ‘plyr’
     All declared Imports should be used.
Flavors: r-devel-linux-x86_64-fedora-clang, r-devel-linux-x86_64-fedora-gcc, r-devel-windows-x86_64-new-TK, r-release-macos-arm64, r-release-macos-x86_64, r-oldrel-macos-x86_64