CRAN Package Check Results for Package Surrogate

Last updated on 2022-05-28 03:54:57 CEST.

Flavor Version Tinstall Tcheck Ttotal Status Flags
r-devel-linux-x86_64-debian-clang 2.0 46.48 269.99 316.47 OK
r-devel-linux-x86_64-debian-gcc 2.0 35.46 197.78 233.24 OK
r-devel-linux-x86_64-fedora-clang 2.0 403.57 NOTE
r-devel-linux-x86_64-fedora-gcc 2.0 365.82 NOTE
r-devel-windows-x86_64 2.0 103.00 278.00 381.00 OK
r-patched-linux-x86_64 2.0 52.29 256.25 308.54 OK
r-release-linux-x86_64 2.0 38.70 254.78 293.48 OK
r-release-macos-arm64 2.0 79.00 NOTE
r-release-macos-x86_64 2.0 146.00 NOTE
r-release-windows-x86_64 2.0 108.00 281.00 389.00 OK
r-oldrel-macos-arm64 2.0 82.00 NOTE
r-oldrel-macos-x86_64 2.0 114.00 NOTE
r-oldrel-windows-ix86+x86_64 2.0 70.00 286.00 356.00 OK

Check Details

Version: 2.0
Check: dependencies in R code
Result: NOTE
    Namespace in Imports field not imported from: ‘rootSolve’
     All declared Imports should be used.
Flavors: r-devel-linux-x86_64-fedora-clang, r-devel-linux-x86_64-fedora-gcc, r-release-macos-arm64, r-release-macos-x86_64, r-oldrel-macos-arm64, r-oldrel-macos-x86_64