CRAN Package Check Results for Package SurfaceTortoise

Last updated on 2022-07-03 15:52:45 CEST.

Flavor Version Tinstall Tcheck Ttotal Status Flags
r-devel-linux-x86_64-debian-clang 1.0.2 32.44 265.30 297.74 NOTE
r-devel-linux-x86_64-debian-gcc 1.0.2 22.42 191.63 214.05 NOTE
r-devel-linux-x86_64-fedora-clang 1.0.2 343.26 NOTE
r-devel-linux-x86_64-fedora-gcc 1.0.2 353.95 NOTE
r-devel-windows-x86_64 1.0.2 33.00 244.00 277.00 NOTE
r-patched-linux-x86_64 1.0.2 27.92 252.27 280.19 NOTE
r-release-linux-x86_64 1.0.2 26.17 253.96 280.13 NOTE
r-release-macos-arm64 1.0.2 73.00 NOTE
r-release-macos-x86_64 1.0.2 104.00 NOTE
r-release-windows-x86_64 1.0.2 27.00 254.00 281.00 NOTE
r-oldrel-macos-arm64 1.0.2 40.00 NOTE
r-oldrel-macos-x86_64 1.0.2 70.00 NOTE
r-oldrel-windows-ix86+x86_64 1.0.2 62.00 323.00 385.00 NOTE

Check Details

Version: 1.0.2
Check: LazyData
Result: NOTE
     'LazyData' is specified without a 'data' directory
Flavors: r-devel-linux-x86_64-debian-clang, r-devel-linux-x86_64-debian-gcc, r-devel-linux-x86_64-fedora-clang, r-devel-linux-x86_64-fedora-gcc, r-devel-windows-x86_64, r-patched-linux-x86_64, r-release-linux-x86_64, r-release-macos-arm64, r-release-macos-x86_64, r-release-windows-x86_64, r-oldrel-macos-arm64, r-oldrel-macos-x86_64, r-oldrel-windows-ix86+x86_64