CRAN Package Check Results for Package Superpower

Last updated on 2020-07-08 12:49:21 CEST.

Flavor Version Tinstall Tcheck Ttotal Status Flags
r-devel-linux-x86_64-debian-clang 0.0.3 15.54 257.36 272.90 OK
r-devel-linux-x86_64-debian-gcc 0.0.3 13.96 194.43 208.39 OK
r-devel-linux-x86_64-fedora-clang 0.0.3 329.17 NOTE
r-devel-linux-x86_64-fedora-gcc 0.0.3 319.77 NOTE
r-devel-windows-ix86+x86_64 0.0.3 30.00 303.00 333.00 OK
r-patched-linux-x86_64 0.0.3 12.36 256.07 268.43 OK
r-patched-solaris-x86 0.0.3 443.60 NOTE
r-release-linux-x86_64 0.0.3 11.33 251.10 262.43 OK
r-release-osx-x86_64 0.0.3 WARN
r-release-windows-ix86+x86_64 0.0.3 35.00 244.00 279.00 OK
r-oldrel-osx-x86_64 0.0.3 NOTE
r-oldrel-windows-ix86+x86_64 0.0.3 50.00 341.00 391.00 OK

Check Details

Version: 0.0.3
Check: dependencies in R code
Result: NOTE
    Namespaces in Imports field not imported from:
     ‘gridExtra’ ‘mvtnorm’
     All declared Imports should be used.
Flavors: r-devel-linux-x86_64-fedora-clang, r-devel-linux-x86_64-fedora-gcc, r-patched-solaris-x86, r-release-osx-x86_64, r-oldrel-osx-x86_64

Version: 0.0.3
Check: re-building of vignette outputs
Result: WARN
    Error(s) in re-building vignettes:
     ...
    --- re-building ‘intro_to_superpower.Rmd’ using rmarkdown
    dyld: lazy symbol binding failed: Symbol not found: ____chkstk_darwin
     Referenced from: /usr/local/bin/pandoc (which was built for Mac OS X 10.15)
     Expected in: /usr/lib/libSystem.B.dylib
    
    dyld: Symbol not found: ____chkstk_darwin
     Referenced from: /usr/local/bin/pandoc (which was built for Mac OS X 10.15)
     Expected in: /usr/lib/libSystem.B.dylib
    
    Error: processing vignette 'intro_to_superpower.Rmd' failed with diagnostics:
    pandoc document conversion failed with error 6
    --- failed re-building ‘intro_to_superpower.Rmd’
    
    SUMMARY: processing the following file failed:
     ‘intro_to_superpower.Rmd’
    
    Error: Vignette re-building failed.
    Execution halted
Flavor: r-release-osx-x86_64