CRAN Package Check Results for Package SuperpixelImageSegmentation

Last updated on 2019-08-19 21:47:04 CEST.

Flavor Version Tinstall Tcheck Ttotal Status Flags
r-devel-linux-x86_64-debian-clang 1.0.1 48.41 28.70 77.11 OK
r-devel-linux-x86_64-debian-gcc 1.0.1 42.84 22.90 65.74 OK
r-devel-linux-x86_64-fedora-clang 1.0.1 115.29 NOTE
r-devel-linux-x86_64-fedora-gcc 1.0.1 116.87 OK
r-devel-windows-ix86+x86_64 1.0.1 137.00 104.00 241.00 OK
r-patched-linux-x86_64 1.0.1 46.41 28.53 74.94 OK
r-patched-solaris-x86 1.0.1 124.60 OK
r-release-linux-x86_64 1.0.1 44.94 28.37 73.31 OK
r-release-windows-ix86+x86_64 1.0.1 104.00 77.00 181.00 OK
r-release-osx-x86_64 1.0.1 NOTE
r-oldrel-windows-ix86+x86_64 1.0.1 126.00 88.00 214.00 OK
r-oldrel-osx-x86_64 1.0.1 NOTE

Check Details

Version: 1.0.1
Check: installed package size
Result: NOTE
     installed size is 5.2Mb
     sub-directories of 1Mb or more:
     libs 5.0Mb
Flavors: r-devel-linux-x86_64-fedora-clang, r-release-osx-x86_64, r-oldrel-osx-x86_64