CRAN Package Check Results for Package SuperpixelImageSegmentation

Last updated on 2019-04-24 15:57:40 CEST.

Flavor Version Tinstall Tcheck Ttotal Status Flags
r-devel-linux-x86_64-debian-clang 1.0.0 44.42 28.42 72.84 OK
r-devel-linux-x86_64-debian-gcc 1.0.0 42.83 22.80 65.63 OK
r-devel-linux-x86_64-fedora-clang 1.0.0 113.57 OK
r-devel-linux-x86_64-fedora-gcc 1.0.0 104.41 OK
r-devel-windows-ix86+x86_64 1.0.0 122.00 94.00 216.00 OK
r-patched-linux-x86_64 1.0.0 47.84 28.46 76.30 OK
r-patched-solaris-x86 1.0.0 116.20 OK
r-release-linux-x86_64 1.0.0 47.32 26.70 74.02 OK
r-release-windows-ix86+x86_64 1.0.0 96.00 106.00 202.00 OK
r-release-osx-x86_64 1.0.0 NOTE
r-oldrel-windows-ix86+x86_64 1.0.0 91.00 65.00 156.00 OK
r-oldrel-osx-x86_64 1.0.0 OK

Check Details

Version: 1.0.0
Check: installed package size
Result: NOTE
     installed size is 5.2Mb
     sub-directories of 1Mb or more:
     libs 5.0Mb
Flavor: r-release-osx-x86_64