CRAN Package Check Results for Package SuperpixelImageSegmentation

Last updated on 2019-02-19 21:49:42 CET.

Flavor Version Tinstall Tcheck Ttotal Status Flags
r-devel-linux-x86_64-debian-clang 1.0.0 46.85 29.36 76.21 OK
r-devel-linux-x86_64-debian-gcc 1.0.0 41.03 23.59 64.62 OK
r-devel-linux-x86_64-fedora-clang 1.0.0 126.74 OK
r-devel-linux-x86_64-fedora-gcc 1.0.0 112.79 OK
r-devel-windows-ix86+x86_64 1.0.0 123.00 98.00 221.00 OK
r-patched-linux-x86_64 1.0.0 47.24 28.50 75.74 OK
r-patched-solaris-x86 1.0.0 122.60 OK
r-release-linux-x86_64 1.0.0 45.70 28.32 74.02 OK
r-release-windows-ix86+x86_64 1.0.0 97.00 96.00 193.00 OK
r-release-osx-x86_64 1.0.0 NOTE
r-oldrel-windows-ix86+x86_64 1.0.0 96.00 72.00 168.00 OK
r-oldrel-osx-x86_64 1.0.0 OK

Check Details

Version: 1.0.0
Check: installed package size
Result: NOTE
     installed size is 5.2Mb
     sub-directories of 1Mb or more:
     libs 5.0Mb
Flavor: r-release-osx-x86_64