CRAN Package Check Results for Package SuperpixelImageSegmentation

Last updated on 2021-06-17 03:51:16 CEST.

Flavor Version Tinstall Tcheck Ttotal Status Flags
r-devel-linux-x86_64-debian-clang 1.0.4 60.66 39.81 100.47 OK
r-devel-linux-x86_64-debian-gcc 1.0.4 48.55 32.90 81.45 OK
r-devel-linux-x86_64-fedora-clang 1.0.4 146.21 OK
r-devel-linux-x86_64-fedora-gcc 1.0.4 145.14 OK
r-devel-windows-x86_64 1.0.4 74.00 61.00 135.00 OK
r-devel-windows-x86_64-gcc10-UCRT 1.0.4 OK
r-patched-linux-x86_64 1.0.4 53.35 41.64 94.99 OK
r-patched-solaris-x86 1.0.4 141.00 OK
r-release-linux-x86_64 1.0.4 52.73 41.86 94.59 OK
r-release-macos-arm64 1.0.4 NOTE
r-release-macos-x86_64 1.0.4 NOTE
r-release-windows-ix86+x86_64 1.0.4 138.00 113.00 251.00 OK
r-oldrel-macos-x86_64 1.0.4 NOTE
r-oldrel-windows-ix86+x86_64 1.0.4 103.00 110.00 213.00 OK

Check Details

Version: 1.0.4
Check: installed package size
Result: NOTE
     installed size is 6.8Mb
     sub-directories of 1Mb or more:
     libs 6.5Mb
Flavors: r-release-macos-arm64, r-release-macos-x86_64, r-oldrel-macos-x86_64