Last updated on 2022-06-28 15:53:29 CEST.
Flavor | Version | Tinstall | Tcheck | Ttotal | Status | Flags |
---|---|---|---|---|---|---|
r-devel-linux-x86_64-debian-clang | 2.0.3 | 77.47 | 220.02 | 297.49 | OK | |
r-devel-linux-x86_64-debian-gcc | 2.0.3 | 67.01 | 169.03 | 236.04 | OK | |
r-devel-linux-x86_64-fedora-clang | 2.0.3 | 423.83 | NOTE | |||
r-devel-linux-x86_64-fedora-gcc | 2.0.3 | 394.89 | OK | |||
r-devel-windows-x86_64 | 2.0.3 | 117.00 | 261.00 | 378.00 | OK | |
r-patched-linux-x86_64 | 2.0.3 | 73.27 | 222.68 | 295.95 | OK | |
r-release-linux-x86_64 | 2.0.3 | 76.23 | 216.18 | 292.41 | OK | |
r-release-macos-arm64 | 2.0.3 | 162.00 | NOTE | |||
r-release-macos-x86_64 | 2.0.3 | 171.00 | NOTE | |||
r-release-windows-x86_64 | 2.0.3 | 115.00 | 259.00 | 374.00 | OK | |
r-oldrel-macos-arm64 | 2.0.3 | 178.00 | NOTE | |||
r-oldrel-macos-x86_64 | 2.0.3 | 162.00 | NOTE | |||
r-oldrel-windows-ix86+x86_64 | 2.0.3 | 206.00 | 297.00 | 503.00 | OK |
Version: 2.0.3
Check: installed package size
Result: NOTE
installed size is 6.0Mb
sub-directories of 1Mb or more:
libs 5.2Mb
Flavors: r-devel-linux-x86_64-fedora-clang, r-release-macos-arm64, r-release-macos-x86_64, r-oldrel-macos-arm64, r-oldrel-macos-x86_64