CRAN Package Check Results for Package SunsVoc

Last updated on 2020-10-31 18:47:35 CET.

Flavor Version Tinstall Tcheck Ttotal Status Flags
r-devel-linux-x86_64-debian-clang 0.1.1 6.23 59.89 66.12 OK
r-devel-linux-x86_64-debian-gcc 0.1.1 5.58 44.42 50.00 OK
r-devel-linux-x86_64-fedora-clang 0.1.1 87.39 NOTE
r-devel-linux-x86_64-fedora-gcc 0.1.1 82.69 NOTE
r-devel-windows-ix86+x86_64 0.1.1 14.00 89.00 103.00 NOTE
r-patched-linux-x86_64 0.1.1 6.29 56.54 62.83 OK
r-patched-solaris-x86 0.1.1 109.00 NOTE
r-release-linux-x86_64 0.1.1 6.34 56.57 62.91 OK
r-release-macos-x86_64 0.1.1 NOTE
r-release-windows-ix86+x86_64 0.1.1 11.00 73.00 84.00 NOTE
r-oldrel-macos-x86_64 0.1.1 NOTE
r-oldrel-windows-ix86+x86_64 0.1.1 11.00 60.00 71.00 NOTE

Check Details

Version: 0.1.1
Check: installed package size
Result: NOTE
     installed size is 6.2Mb
     sub-directories of 1Mb or more:
     data 6.0Mb
Flavors: r-devel-linux-x86_64-fedora-clang, r-devel-windows-ix86+x86_64, r-patched-solaris-x86, r-release-macos-x86_64, r-release-windows-ix86+x86_64, r-oldrel-macos-x86_64, r-oldrel-windows-ix86+x86_64

Version: 0.1.1
Check: dependencies in R code
Result: NOTE
    Namespace in Imports field not imported from: ‘data.table’
     All declared Imports should be used.
Flavors: r-devel-linux-x86_64-fedora-clang, r-devel-linux-x86_64-fedora-gcc, r-patched-solaris-x86, r-release-macos-x86_64, r-oldrel-macos-x86_64