CRAN Package Check Results for Package StroupGLMM

Last updated on 2021-04-15 22:51:25 CEST.

Flavor Version Tinstall Tcheck Ttotal Status Flags
r-devel-linux-x86_64-debian-clang 0.1.0 16.05 135.36 151.41 OK
r-devel-linux-x86_64-debian-gcc 0.1.0 13.72 102.63 116.35 OK
r-devel-linux-x86_64-fedora-clang 0.1.0 187.15 NOTE
r-devel-linux-x86_64-fedora-gcc 0.1.0 176.02 NOTE
r-devel-windows-ix86+x86_64 0.1.0 38.00 174.00 212.00 OK
r-devel-windows-x86_64-gcc10-UCRT 0.1.0 NOTE
r-patched-linux-x86_64 0.1.0 15.23 125.47 140.70 OK
r-patched-solaris-x86 0.1.0 269.50 NOTE
r-release-linux-x86_64 0.1.0 14.30 125.81 140.11 OK
r-release-macos-x86_64 0.1.0 NOTE
r-release-windows-ix86+x86_64 0.1.0 39.00 176.00 215.00 OK
r-oldrel-macos-x86_64 0.1.0 NOTE
r-oldrel-windows-ix86+x86_64 0.1.0 25.00 114.00 139.00 OK

Check Details

Version: 0.1.0
Check: dependencies in R code
Result: NOTE
    Namespaces in Imports field not imported from:
     ‘broom’ ‘car’ ‘lmerTest’ ‘pbkrtest’
     All declared Imports should be used.
Flavors: r-devel-linux-x86_64-fedora-clang, r-devel-linux-x86_64-fedora-gcc, r-devel-windows-x86_64-gcc10-UCRT, r-patched-solaris-x86, r-release-macos-x86_64, r-oldrel-macos-x86_64