CRAN Package Check Results for Package StratigrapheR

Last updated on 2020-01-19 21:48:58 CET.

Flavor Version Tinstall Tcheck Ttotal Status Flags
r-devel-linux-x86_64-debian-clang 0.0.7 11.87 75.55 87.42 OK
r-devel-linux-x86_64-debian-gcc 0.0.7 9.61 57.34 66.95 OK
r-devel-linux-x86_64-fedora-clang 0.0.7 118.97 OK
r-devel-linux-x86_64-fedora-gcc 0.0.7 101.47 OK
r-devel-windows-ix86+x86_64 0.0.7 33.00 125.00 158.00 OK
r-devel-windows-ix86+x86_64-gcc8 0.0.7 24.00 106.00 130.00 OK
r-patched-linux-x86_64 0.0.7 9.77 66.94 76.71 OK
r-patched-solaris-x86 0.0.7 142.10 OK
r-release-linux-x86_64 0.0.7 9.89 66.83 76.72 OK
r-release-windows-ix86+x86_64 0.0.7 28.00 117.00 145.00 OK
r-release-osx-x86_64 0.0.7 OK
r-oldrel-windows-ix86+x86_64 0.0.6 13.00 87.00 100.00 OK
r-oldrel-osx-x86_64 0.0.7 ERROR

Check Details

Version: 0.0.7
Check: whether package can be installed
Result: ERROR
    Installation failed.
Flavor: r-oldrel-osx-x86_64