Last updated on 2023-03-27 08:51:28 CEST.
Flavor | Version | Tinstall | Tcheck | Ttotal | Status | Flags |
---|---|---|---|---|---|---|
r-devel-linux-x86_64-debian-clang | 0.2.2 | 12.72 | 93.95 | 106.67 | NOTE | |
r-devel-linux-x86_64-debian-gcc | 0.2.2 | 9.19 | 71.42 | 80.61 | NOTE | |
r-devel-linux-x86_64-fedora-clang | 0.2.2 | 131.60 | NOTE | |||
r-devel-windows-x86_64 | 0.2.2 | 17.00 | 117.00 | 134.00 | NOTE | |
r-patched-linux-x86_64 | 0.2.2 | 10.79 | 87.42 | 98.21 | NOTE | |
r-release-linux-x86_64 | 0.2.2 | 12.62 | 89.27 | 101.89 | NOTE | |
r-release-macos-arm64 | 0.2.2 | 36.00 | NOTE | |||
r-release-macos-x86_64 | 0.2.2 | 73.00 | NOTE | |||
r-release-windows-x86_64 | 0.2.2 | 24.00 | 120.00 | 144.00 | NOTE | |
r-oldrel-macos-arm64 | 0.2.2 | 44.00 | NOTE | |||
r-oldrel-macos-x86_64 | 0.2.2 | 76.00 | NOTE | |||
r-oldrel-windows-ix86+x86_64 | 0.2.2 | 27.00 | 113.00 | 140.00 | NOTE |
Version: 0.2.2
Check: LazyData
Result: NOTE
'LazyData' is specified without a 'data' directory
Flavors: r-devel-linux-x86_64-debian-clang, r-devel-linux-x86_64-debian-gcc, r-devel-linux-x86_64-fedora-clang, r-devel-windows-x86_64, r-patched-linux-x86_64, r-release-linux-x86_64, r-release-macos-arm64, r-release-macos-x86_64, r-release-windows-x86_64, r-oldrel-macos-arm64, r-oldrel-macos-x86_64, r-oldrel-windows-ix86+x86_64