Last updated on 2023-05-30 21:58:56 CEST.
Flavor | Version | Tinstall | Tcheck | Ttotal | Status | Flags |
---|---|---|---|---|---|---|
r-devel-linux-x86_64-debian-clang | 1.0.5 | 15.73 | 397.94 | 413.67 | OK | |
r-devel-linux-x86_64-debian-gcc | 1.0.5 | 14.11 | 308.69 | 322.80 | OK | |
r-devel-linux-x86_64-fedora-clang | 1.0.5 | 446.06 | NOTE | |||
r-devel-linux-x86_64-fedora-gcc | 1.0.5 | 503.61 | OK | |||
r-devel-windows-x86_64 | 1.0.5 | 17.00 | 174.00 | 191.00 | NOTE | |
r-patched-linux-x86_64 | 1.0.5 | 15.44 | 375.69 | 391.13 | OK | |
r-release-linux-x86_64 | 1.0.5 | 17.11 | 376.93 | 394.04 | OK | |
r-release-macos-arm64 | 1.0.5 | 97.00 | NOTE | |||
r-release-macos-x86_64 | 1.0.5 | 164.00 | NOTE | |||
r-release-windows-x86_64 | 1.0.5 | 21.00 | 271.00 | 292.00 | NOTE | |
r-oldrel-macos-arm64 | 1.0.5 | 92.00 | NOTE | |||
r-oldrel-macos-x86_64 | 1.0.5 | 240.00 | NOTE | |||
r-oldrel-windows-x86_64 | 1.0.5 | 21.00 | 207.00 | 228.00 | NOTE |
Version: 1.0.5
Check: installed package size
Result: NOTE
installed size is 5.7Mb
sub-directories of 1Mb or more:
doc 5.0Mb
Flavors: r-devel-linux-x86_64-fedora-clang, r-devel-windows-x86_64, r-release-macos-arm64, r-release-macos-x86_64, r-release-windows-x86_64, r-oldrel-macos-arm64, r-oldrel-macos-x86_64, r-oldrel-windows-x86_64