Last updated on 2023-03-30 19:51:33 CEST.
Flavor | Version | Tinstall | Tcheck | Ttotal | Status | Flags |
---|---|---|---|---|---|---|
r-devel-linux-x86_64-debian-clang | 3.3.0 | 42.53 | 288.41 | 330.94 | NOTE | |
r-devel-linux-x86_64-debian-gcc | 3.3.0 | 41.71 | 214.48 | 256.19 | NOTE | |
r-devel-linux-x86_64-fedora-clang | 3.3.0 | 419.22 | NOTE | |||
r-devel-linux-x86_64-fedora-gcc | 3.3.0 | 455.05 | NOTE | |||
r-devel-windows-x86_64 | 3.3.0 | 791.00 | 0.00 | 791.00 | NOTE | |
r-patched-linux-x86_64 | 3.3.0 | 52.36 | 286.27 | 338.63 | NOTE | |
r-release-linux-x86_64 | 3.3.0 | 46.05 | 282.05 | 328.10 | NOTE | |
r-release-macos-arm64 | 3.3.0 | 86.00 | NOTE | |||
r-release-macos-x86_64 | 3.3.0 | 118.00 | NOTE | |||
r-release-windows-x86_64 | 3.3.0 | 663.00 | 350.00 | 1013.00 | NOTE | |
r-oldrel-macos-arm64 | 3.3.0 | 109.00 | NOTE | |||
r-oldrel-macos-x86_64 | 3.3.0 | 141.00 | NOTE | |||
r-oldrel-windows-ix86+x86_64 | 3.3.0 | 91.00 | 515.00 | 606.00 | WARN |
Version: 3.3.0
Check: package dependencies
Result: NOTE
Package suggested but not available for checking: ‘StrathE2E2examples’
Flavors: r-devel-linux-x86_64-debian-clang, r-devel-linux-x86_64-debian-gcc, r-devel-linux-x86_64-fedora-clang, r-devel-linux-x86_64-fedora-gcc, r-devel-windows-x86_64, r-patched-linux-x86_64, r-release-linux-x86_64, r-release-macos-arm64, r-release-macos-x86_64, r-release-windows-x86_64, r-oldrel-macos-arm64, r-oldrel-macos-x86_64, r-oldrel-windows-ix86+x86_64
Version: 3.3.0
Check: LazyData
Result: NOTE
'LazyData' is specified without a 'data' directory
Flavors: r-devel-linux-x86_64-debian-clang, r-devel-linux-x86_64-debian-gcc, r-devel-linux-x86_64-fedora-clang, r-devel-linux-x86_64-fedora-gcc, r-devel-windows-x86_64, r-patched-linux-x86_64, r-release-linux-x86_64, r-release-macos-arm64, r-release-macos-x86_64, r-release-windows-x86_64, r-oldrel-macos-arm64, r-oldrel-macos-x86_64, r-oldrel-windows-ix86+x86_64
Version: 3.3.0
Check: for unstated dependencies in ‘tests’
Result: WARN
Warning: unable to access index for repository https://bioconductor.org/packages/3.14/bioc/src/contrib:
cannot open URL 'https://bioconductor.org/packages/3.14/bioc/src/contrib/PACKAGES'
Warning: unable to access index for repository https://bioconductor.org/packages/3.14/data/annotation/src/contrib:
cannot open URL 'https://bioconductor.org/packages/3.14/data/annotation/src/contrib/PACKAGES'
Warning: unable to access index for repository https://bioconductor.org/packages/3.14/data/experiment/src/contrib:
cannot open URL 'https://bioconductor.org/packages/3.14/data/experiment/src/contrib/PACKAGES'
Flavor: r-oldrel-windows-ix86+x86_64