CRAN Package Check Results for Package StrathE2E2

Last updated on 2020-09-23 14:12:44 CEST.

Flavor Version Tinstall Tcheck Ttotal Status Flags
r-devel-linux-x86_64-debian-clang 3.2.0 49.47 278.34 327.81 NOTE
r-devel-linux-x86_64-debian-gcc 3.2.0 42.09 203.50 245.59 NOTE
r-devel-linux-x86_64-fedora-clang 3.2.0 390.53 NOTE
r-devel-linux-x86_64-fedora-gcc 3.2.0 402.49 NOTE
r-devel-windows-ix86+x86_64 3.2.0 87.00 505.00 592.00 NOTE
r-patched-linux-x86_64 3.2.0 45.89 266.51 312.40 NOTE
r-patched-solaris-x86 3.2.0 601.30 NOTE
r-release-linux-x86_64 3.2.0 46.49 267.97 314.46 NOTE
r-release-macos-x86_64 3.2.0 NOTE
r-release-windows-ix86+x86_64 3.2.0 72.00 514.00 586.00 NOTE
r-oldrel-macos-x86_64 3.2.0 NOTE
r-oldrel-windows-ix86+x86_64 3.2.0 57.00 445.00 502.00 NOTE

Check Details

Version: 3.2.0
Check: package dependencies
Result: NOTE
    Package suggested but not available for checking: 'StrathE2E2examples'
Flavors: r-devel-linux-x86_64-debian-clang, r-devel-linux-x86_64-debian-gcc, r-devel-linux-x86_64-fedora-clang, r-devel-linux-x86_64-fedora-gcc, r-devel-windows-ix86+x86_64, r-patched-linux-x86_64, r-patched-solaris-x86, r-release-linux-x86_64, r-release-macos-x86_64, r-release-windows-ix86+x86_64, r-oldrel-macos-x86_64, r-oldrel-windows-ix86+x86_64