CRAN Package Check Results for Package Strategy

Last updated on 2023-01-27 16:49:32 CET.

Flavor Version Tinstall Tcheck Ttotal Status Flags
r-devel-linux-x86_64-debian-clang 1.0.1 10.70 50.19 60.89 NOTE
r-devel-linux-x86_64-debian-gcc 1.0.1 8.12 38.76 46.88 NOTE
r-devel-linux-x86_64-fedora-clang 1.0.1 75.35 NOTE
r-devel-linux-x86_64-fedora-gcc 1.0.1 90.26 NOTE
r-devel-windows-x86_64 1.0.1 40.00 89.00 129.00 OK
r-patched-linux-x86_64 1.0.1 7.65 46.44 54.09 NOTE
r-release-linux-x86_64 1.0.1 8.68 51.79 60.47 NOTE
r-release-macos-arm64 1.0.1 30.00 OK
r-release-macos-x86_64 1.0.1 37.00 OK
r-release-windows-x86_64 1.0.1 37.00 95.00 132.00 OK
r-oldrel-macos-arm64 1.0.1 35.00 OK
r-oldrel-macos-x86_64 1.0.1 51.00 OK
r-oldrel-windows-ix86+x86_64 1.0.1 20.00 80.00 100.00 OK

Check Details

Version: 1.0.1
Check: for non-standard things in the check directory
Result: NOTE
    Found the following files/directories:
     ‘myNewStrat.R’
Flavors: r-devel-linux-x86_64-debian-clang, r-devel-linux-x86_64-debian-gcc, r-devel-linux-x86_64-fedora-clang, r-devel-linux-x86_64-fedora-gcc, r-patched-linux-x86_64, r-release-linux-x86_64