CRAN Package Check Results for Package StepwiseTest

Last updated on 2021-12-03 05:52:15 CET.

Flavor Version Tinstall Tcheck Ttotal Status Flags
r-devel-linux-x86_64-debian-clang 1.0 28.26 24.62 52.88 OK
r-devel-linux-x86_64-debian-gcc 1.0 21.78 19.65 41.43 OK
r-devel-linux-x86_64-fedora-clang 1.0 90.53 NOTE
r-devel-linux-x86_64-fedora-gcc 1.0 72.54 NOTE
r-devel-windows-x86_64-new-UL 1.0 42.00 87.00 129.00 OK
r-devel-windows-x86_64-new-TK 1.0 OK
r-devel-windows-x86_64-old 1.0 41.00 42.00 83.00 OK
r-patched-linux-x86_64 1.0 25.24 23.76 49.00 OK
r-patched-solaris-x86 1.0 87.10 OK
r-release-linux-x86_64 1.0 25.92 23.87 49.79 OK
r-release-macos-arm64 1.0 OK
r-release-macos-x86_64 1.0 OK
r-release-windows-ix86+x86_64 1.0 79.00 66.00 145.00 OK
r-oldrel-macos-x86_64 1.0 OK
r-oldrel-windows-ix86+x86_64 1.0 77.00 68.00 145.00 OK

Check Details

Version: 1.0
Check: compiled code
Result: NOTE
    File ‘StepwiseTest/libs/StepwiseTest.so’:
     Found no calls to: ‘R_registerRoutines’, ‘R_useDynamicSymbols’
    
    It is good practice to register native routines and to disable symbol
    search.
    
    See ‘Writing portable packages’ in the ‘Writing R Extensions’ manual.
Flavors: r-devel-linux-x86_64-fedora-clang, r-devel-linux-x86_64-fedora-gcc