CRAN Package Check Results for Package Statsomat

Last updated on 2022-05-27 12:53:27 CEST.

Flavor Version Tinstall Tcheck Ttotal Status Flags
r-devel-linux-x86_64-debian-clang 1.1.0 2.97 32.09 35.06 OK
r-devel-linux-x86_64-debian-gcc 1.1.0 2.69 24.74 27.43 OK
r-devel-linux-x86_64-fedora-clang 1.1.0 42.88 NOTE
r-devel-linux-x86_64-fedora-gcc 1.1.0 39.63 NOTE
r-devel-windows-x86_64 1.1.0 100.00 50.00 150.00 NOTE
r-patched-linux-x86_64 1.1.0 2.35 31.01 33.36 OK
r-release-linux-x86_64 1.1.0 2.67 30.01 32.68 OK
r-release-macos-arm64 1.1.0 16.00 NOTE
r-release-macos-x86_64 1.1.0 26.00 NOTE
r-release-windows-x86_64 1.1.0 113.00 50.00 163.00 NOTE
r-oldrel-macos-arm64 1.1.0 22.00 NOTE
r-oldrel-macos-x86_64 1.1.0 22.00 NOTE
r-oldrel-windows-ix86+x86_64 1.1.0 10.00 47.00 57.00 NOTE

Check Details

Version: 1.1.0
Check: installed package size
Result: NOTE
     installed size is 6.3Mb
     sub-directories of 1Mb or more:
     shiny-apps 6.2Mb
Flavors: r-devel-linux-x86_64-fedora-clang, r-devel-windows-x86_64, r-release-macos-arm64, r-release-macos-x86_64, r-release-windows-x86_64, r-oldrel-macos-arm64, r-oldrel-macos-x86_64, r-oldrel-windows-ix86+x86_64

Version: 1.1.0
Check: dependencies in R code
Result: NOTE
    Namespaces in Imports field not imported from:
     ‘DDoutlier’ ‘car’ ‘corrplot’ ‘data.table’ ‘energy’ ‘ggplot2’
     ‘gridExtra’ ‘kableExtra’ ‘knitr’ ‘readr’ ‘reshape2’ ‘rmarkdown’
     ‘shinydisconnect’
     All declared Imports should be used.
Flavors: r-devel-linux-x86_64-fedora-clang, r-devel-linux-x86_64-fedora-gcc, r-release-macos-arm64, r-release-macos-x86_64, r-oldrel-macos-arm64, r-oldrel-macos-x86_64