CRAN Package Check Results for Package StatDA

Last updated on 2022-01-27 19:51:15 CET.

Flavor Version Tinstall Tcheck Ttotal Status Flags
r-devel-linux-x86_64-debian-clang 1.7.4 25.29 190.98 216.27 OK
r-devel-linux-x86_64-debian-gcc 1.7.4 19.56 141.45 161.01 OK
r-devel-linux-x86_64-fedora-clang 1.7.4 234.70 NOTE
r-devel-linux-x86_64-fedora-gcc 1.7.4 250.89 OK
r-devel-windows-x86_64-new-UL 1.7.4 59.00 189.00 248.00 OK
r-devel-windows-x86_64-new-TK 1.7.4 OK
r-patched-linux-x86_64 1.7.4 20.35 163.20 183.55 OK
r-release-linux-x86_64 1.7.4 18.57 161.73 180.30 OK
r-release-macos-arm64 1.7.4 OK
r-release-macos-x86_64 1.7.4 OK
r-release-windows-ix86+x86_64 1.7.4 32.00 541.00 573.00 OK
r-oldrel-macos-x86_64 1.7.4 OK
r-oldrel-windows-ix86+x86_64 1.7.4 32.00 174.00 206.00 OK

Check Details

Version: 1.7.4
Check: Rd cross-references
Result: NOTE
    Undeclared package ‘rgr’ in Rd xrefs
Flavor: r-devel-linux-x86_64-fedora-clang