CRAN Package Check Results for Package StanHeaders

Last updated on 2020-06-04 15:49:24 CEST.

Flavor Version Tinstall Tcheck Ttotal Status Flags
r-devel-linux-x86_64-debian-clang 2.21.0-3 26.68 464.25 490.93 OK
r-devel-linux-x86_64-debian-gcc 2.21.0-3 19.62 364.99 384.61 OK
r-devel-linux-x86_64-fedora-clang 2.21.0-3 561.08 NOTE
r-devel-linux-x86_64-fedora-gcc 2.21.0-3 599.13 OK
r-devel-windows-ix86+x86_64 2.21.0-3 128.00 467.00 595.00 NOTE
r-patched-linux-x86_64 2.21.0-3 21.54 453.96 475.50 OK
r-patched-solaris-x86 2.21.0-3 1241.80 NOTE
r-release-linux-x86_64 2.21.0-3 21.31 447.45 468.76 OK
r-release-osx-x86_64 2.21.0-3 NOTE
r-release-windows-ix86+x86_64 2.21.0-3 101.00 463.00 564.00 NOTE
r-oldrel-osx-x86_64 2.21.0-3 NOTE
r-oldrel-windows-ix86+x86_64 2.21.0-3 130.00 618.00 748.00 NOTE

Check Details

Version: 2.21.0-3
Check: installed package size
Result: NOTE
     installed size is 13.7Mb
     sub-directories of 1Mb or more:
     include 10.7Mb
     lib 2.9Mb
Flavors: r-devel-linux-x86_64-fedora-clang, r-devel-windows-ix86+x86_64, r-patched-solaris-x86, r-release-osx-x86_64, r-release-windows-ix86+x86_64, r-oldrel-osx-x86_64, r-oldrel-windows-ix86+x86_64