CRAN Package Check Results for Package StableEstim

Last updated on 2022-07-03 15:52:45 CEST.

Flavor Version Tinstall Tcheck Ttotal Status Flags
r-devel-linux-x86_64-debian-clang 2.1 16.70 124.68 141.38 NOTE
r-devel-linux-x86_64-debian-gcc 2.1 12.78 91.36 104.14 NOTE
r-devel-linux-x86_64-fedora-clang 2.1 173.14 NOTE
r-devel-linux-x86_64-fedora-gcc 2.1 173.78 NOTE
r-devel-windows-x86_64 2.1 103.00 138.00 241.00 NOTE
r-patched-linux-x86_64 2.1 10.42 116.93 127.35 OK
r-release-linux-x86_64 2.1 9.97 116.80 126.77 OK
r-release-macos-arm64 2.1 46.00 OK
r-release-macos-x86_64 2.1 78.00 OK
r-release-windows-x86_64 2.1 48.00 142.00 190.00 OK
r-oldrel-macos-arm64 2.1 55.00 OK
r-oldrel-macos-x86_64 2.1 87.00 OK
r-oldrel-windows-ix86+x86_64 2.1 32.00 135.00 167.00 OK

Check Details

Version: 2.1
Check: Rd files
Result: NOTE
    checkRd: (-1) CF.Rd:36: Escaped LaTeX specials: \$ \$
    checkRd: (-1) FirstRoot.Rd:50: Escaped LaTeX specials: \&
    checkRd: (-1) GMMParametersEstim.Rd:179: Escaped LaTeX specials: \&
    checkRd: (-1) StableEstim-package.Rd:85: Escaped LaTeX specials: \$ \$
    checkRd: (-1) StableEstim-package.Rd:93: Escaped LaTeX specials: \&
Flavors: r-devel-linux-x86_64-debian-clang, r-devel-linux-x86_64-debian-gcc, r-devel-linux-x86_64-fedora-clang, r-devel-linux-x86_64-fedora-gcc, r-devel-windows-x86_64