CRAN Package Check Results for Package SpiceFP

Last updated on 2022-01-27 19:51:15 CET.

Flavor Version Tinstall Tcheck Ttotal Status Flags
r-devel-linux-x86_64-debian-clang 0.1.0 10.19 107.49 117.68 OK
r-devel-linux-x86_64-debian-gcc 0.1.0 9.08 80.59 89.67 OK
r-devel-linux-x86_64-fedora-clang 0.1.0 134.92 NOTE
r-devel-linux-x86_64-fedora-gcc 0.1.0 129.56 NOTE
r-devel-windows-x86_64-new-UL 0.1.0 30.00 148.00 178.00 OK
r-devel-windows-x86_64-new-TK 0.1.0 NOTE
r-patched-linux-x86_64 0.1.0 9.12 96.31 105.43 OK
r-release-linux-x86_64 0.1.0 7.56 95.85 103.41 OK
r-release-macos-arm64 0.1.0 NOTE
r-release-macos-x86_64 0.1.0 NOTE
r-release-windows-ix86+x86_64 0.1.0 23.00 271.00 294.00 OK
r-oldrel-macos-x86_64 0.1.0 NOTE
r-oldrel-windows-ix86+x86_64 0.1.0 24.00 121.00 145.00 OK

Check Details

Version: 0.1.0
Check: dependencies in R code
Result: NOTE
    Namespace in Imports field not imported from: ‘gplots’
     All declared Imports should be used.
Flavors: r-devel-linux-x86_64-fedora-clang, r-devel-linux-x86_64-fedora-gcc, r-devel-windows-x86_64-new-TK, r-release-macos-arm64, r-release-macos-x86_64, r-oldrel-macos-x86_64