CRAN Package Check Results for Package Spectrum

Last updated on 2019-05-24 02:54:01 CEST.

Flavor Version Tinstall Tcheck Ttotal Status Flags
r-devel-linux-x86_64-debian-clang 0.5 11.93 214.66 226.59 OK
r-devel-linux-x86_64-debian-gcc 0.5 9.92 145.08 155.00 OK
r-devel-linux-x86_64-fedora-clang 0.5 386.17 WARN
r-devel-linux-x86_64-fedora-gcc 0.5 380.35 WARN
r-devel-windows-ix86+x86_64 0.5 30.00 230.00 260.00 OK
r-patched-linux-x86_64 0.5 11.03 208.37 219.40 OK
r-patched-solaris-x86 0.5 385.20 OK
r-release-linux-x86_64 0.5 10.03 208.13 218.16 OK
r-release-windows-ix86+x86_64 0.5 37.00 319.00 356.00 OK
r-release-osx-x86_64 0.5 OK
r-oldrel-windows-ix86+x86_64 0.5 15.00 204.00 219.00 WARN
r-oldrel-osx-x86_64 0.5 OK

Check Details

Version: 0.5
Check: re-building of vignette outputs
Result: WARN
    Error(s) in re-building vignettes:
    --- re-building ‘Spectrum_vignette.Rmd’ using rmarkdown
    tlmgr search --file --global '/framed.sty'
    Trying to automatically install missing LaTeX packages...
    tlmgr install framed
    tlmgr: package repository http://anorien.csc.warwick.ac.uk/mirrors/CTAN/systems/texlive/tlnet (verified)
    tlmgr install: package already present: framed
    tlmgr path add
    add_link_dir_dir: /usr/local/share/info/dir exists; not making symlink.
    tlmgr search --file --global '/framed.sty'
    ! LaTeX Error: File `framed.sty' not found.
    
    ! Emergency stop.
    <read *>
    
    Error: processing vignette 'Spectrum_vignette.Rmd' failed with diagnostics:
    Failed to compile Spectrum_vignette.tex. See https://yihui.name/tinytex/r/#debugging for debugging tips. See Spectrum_vignette.log for more info.
    --- failed re-building ‘Spectrum_vignette.Rmd’
    
    SUMMARY: processing the following file failed:
     ‘Spectrum_vignette.Rmd’
    
    Error: Vignette re-building failed.
    Execution halted
Flavors: r-devel-linux-x86_64-fedora-clang, r-devel-linux-x86_64-fedora-gcc

Version: 0.5
Check: whether package can be installed
Result: WARN
    Found the following significant warnings:
     Warning: S3 methods '[.fun_list', '[.grouped_df', 'all.equal.tbl_df', 'anti_join.data.frame', 'anti_join.tbl_df', 'arrange.data.frame', 'arrange.default', 'arrange.grouped_df', 'arrange.tbl_df', 'arrange_.data.frame', 'arrange_.tbl_df', 'as.data.frame.grouped_df', 'as.data.frame.rowwise_df', 'as.data.frame.tbl_cube', 'as.table.tbl_cube', 'as.tbl.data.frame', 'as.tbl.tbl', 'as.tbl_cube.array', 'as.tbl_cube.data.frame', 'as.tbl_cube.matrix', 'as.tbl_cube.table', 'as_tibble.grouped_df', 'as_tibble.tbl_cube', 'auto_copy.tbl_cube', 'auto_copy.tbl_df', 'cbind.grouped_df', 'collapse.data.frame', 'collect.data.frame', 'common_by.NULL', 'common_by.character', 'common_by.default', 'common_by.list', 'compute.data.frame', 'copy_to.DBIConnection', 'copy_to.src_local', 'default_missing.data.frame', 'default_missing.default', 'dim.tbl_cube', 'distinct.data.frame', 'distinct.default', 'distinct.grouped_df', 'distinct.tbl_df', 'distinct_.data.frame', 'distinct_.grouped_df', 'distinct_.tbl_df', 'do.NULL', 'do.da [... truncated]
Flavor: r-oldrel-windows-ix86+x86_64