CRAN Package Check Results for Package Spectrum

Last updated on 2019-08-24 22:46:38 CEST.

Flavor Version Tinstall Tcheck Ttotal Status Flags
r-devel-linux-x86_64-debian-clang 0.8 11.12 154.83 165.95 OK
r-devel-linux-x86_64-debian-gcc 0.8 10.30 120.78 131.08 OK
r-devel-linux-x86_64-fedora-clang 0.8 299.28 WARN
r-devel-linux-x86_64-fedora-gcc 0.8 327.31 WARN
r-devel-windows-ix86+x86_64 0.8 24.00 162.00 186.00 OK
r-patched-linux-x86_64 0.8 12.40 151.36 163.76 OK
r-patched-solaris-x86 0.8 307.30 OK
r-release-linux-x86_64 0.8 10.45 150.55 161.00 OK
r-release-windows-ix86+x86_64 0.8 24.00 172.00 196.00 OK
r-release-osx-x86_64 0.8 OK
r-oldrel-windows-ix86+x86_64 0.8 7.00 7.00 14.00 ERROR
r-oldrel-osx-x86_64 0.8 OK

Check Details

Version: 0.8
Check: re-building of vignette outputs
Result: WARN
    Error(s) in re-building vignettes:
    --- re-building ‘Spectrum_vignette.Rmd’ using rmarkdown
    tlmgr search --file --global '/framed.sty'
    Trying to automatically install missing LaTeX packages...
    tlmgr install framed
    tlmgr: package repository http://anorien.csc.warwick.ac.uk/mirrors/CTAN/systems/texlive/tlnet (verified)
    tlmgr install: package already present: framed
    tlmgr path add
    add_link_dir_dir: /usr/local/share/info/dir exists; not making symlink.
    tlmgr search --file --global '/framed.sty'
    ! LaTeX Error: File `framed.sty' not found.
    
    ! Emergency stop.
    <read *>
    
    Error: processing vignette 'Spectrum_vignette.Rmd' failed with diagnostics:
    Failed to compile Spectrum_vignette.tex. See https://yihui.name/tinytex/r/#debugging for debugging tips. See Spectrum_vignette.log for more info.
    --- failed re-building ‘Spectrum_vignette.Rmd’
    
    SUMMARY: processing the following file failed:
     ‘Spectrum_vignette.Rmd’
    
    Error: Vignette re-building failed.
    Execution halted
Flavors: r-devel-linux-x86_64-fedora-clang, r-devel-linux-x86_64-fedora-gcc

Version: 0.8
Check: whether package can be installed
Result: ERROR
    Installation failed.
Flavor: r-oldrel-windows-ix86+x86_64