CRAN Package Check Results for Package SpectralMap

Last updated on 2022-08-12 18:49:56 CEST.

Flavor Version Tinstall Tcheck Ttotal Status Flags
r-devel-linux-x86_64-debian-clang 1.0 7.33 69.60 76.93 NOTE
r-devel-linux-x86_64-debian-gcc 1.0 6.11 50.35 56.46 NOTE
r-devel-linux-x86_64-fedora-clang 1.0 110.03 NOTE
r-devel-linux-x86_64-fedora-gcc 1.0 107.91 NOTE
r-devel-windows-x86_64 1.0 10.00 84.00 94.00 NOTE
r-patched-linux-x86_64 1.0 7.92 65.42 73.34 NOTE
r-release-linux-x86_64 1.0 4.87 65.05 69.92 NOTE
r-release-macos-arm64 1.0 27.00 NOTE
r-release-macos-x86_64 1.0 47.00 NOTE
r-release-windows-x86_64 1.0 10.00 87.00 97.00 NOTE
r-oldrel-macos-arm64 1.0 31.00 NOTE
r-oldrel-macos-x86_64 1.0 51.00 NOTE
r-oldrel-windows-ix86+x86_64 1.0 18.00 84.00 102.00 NOTE

Check Details

Version: 1.0
Check: LazyData
Result: NOTE
     'LazyData' is specified without a 'data' directory
Flavors: r-devel-linux-x86_64-debian-clang, r-devel-linux-x86_64-debian-gcc, r-devel-linux-x86_64-fedora-clang, r-devel-linux-x86_64-fedora-gcc, r-devel-windows-x86_64, r-patched-linux-x86_64, r-release-linux-x86_64, r-release-macos-arm64, r-release-macos-x86_64, r-release-windows-x86_64, r-oldrel-macos-arm64, r-oldrel-macos-x86_64, r-oldrel-windows-ix86+x86_64