CRAN Package Check Results for Package SpatialTools

Last updated on 2021-12-05 23:52:29 CET.

Flavor Version Tinstall Tcheck Ttotal Status Flags
r-devel-linux-x86_64-debian-clang 1.0.4 101.66 78.95 180.61 OK
r-devel-linux-x86_64-debian-gcc 1.0.4 69.26 62.69 131.95 OK
r-devel-linux-x86_64-fedora-clang 1.0.4 245.00 NOTE
r-devel-linux-x86_64-fedora-gcc 1.0.4 215.71 OK
r-devel-windows-x86_64-new-UL 1.0.4 122.00 136.00 258.00 OK
r-devel-windows-x86_64-new-TK 1.0.4 OK
r-devel-windows-x86_64-old 1.0.4 118.00 77.00 195.00 OK
r-patched-linux-x86_64 1.0.4 85.16 68.39 153.55 OK
r-release-linux-x86_64 1.0.4 82.48 78.13 160.61 OK
r-release-macos-arm64 1.0.4 NOTE
r-release-macos-x86_64 1.0.4 NOTE
r-release-windows-ix86+x86_64 1.0.4 227.00 137.00 364.00 OK
r-oldrel-macos-x86_64 1.0.4 NOTE
r-oldrel-windows-ix86+x86_64 1.0.4 227.00 142.00 369.00 OK

Check Details

Version: 1.0.4
Check: installed package size
Result: NOTE
     installed size is 5.4Mb
     sub-directories of 1Mb or more:
     libs 5.1Mb
Flavors: r-devel-linux-x86_64-fedora-clang, r-release-macos-arm64, r-release-macos-x86_64, r-oldrel-macos-x86_64