CRAN Package Check Results for Package SpatialRDD

Last updated on 2024-06-16 18:55:49 CEST.

Flavor Version Tinstall Tcheck Ttotal Status Flags
r-devel-linux-x86_64-debian-clang 0.1.0 4.56 56.92 61.48 OK
r-devel-linux-x86_64-debian-gcc 0.1.0 3.54 42.46 46.00 OK
r-devel-linux-x86_64-fedora-clang 0.1.0 77.80 NOTE
r-devel-linux-x86_64-fedora-gcc 0.1.0 291.02 NOTE
r-devel-windows-x86_64 0.1.0 5.00 71.00 76.00 OK
r-patched-linux-x86_64 0.1.0 3.28 54.52 57.80 OK
r-release-linux-x86_64 0.1.0 2.84 54.77 57.61 OK
r-release-macos-arm64 0.1.0 65.00 OK
r-release-macos-x86_64 0.1.0 120.00 OK
r-release-windows-x86_64 0.1.0 6.00 72.00 78.00 OK
r-oldrel-macos-arm64 0.1.0 75.00 OK
r-oldrel-macos-x86_64 0.1.0 191.00 OK
r-oldrel-windows-x86_64 0.1.0 6.00 78.00 84.00 OK

Check Details

Version: 0.1.0
Check: data for non-ASCII characters
Result: NOTE Note: found 3 marked UTF-8 strings Flavors: r-devel-linux-x86_64-fedora-clang, r-devel-linux-x86_64-fedora-gcc