Last updated on 2023-12-10 18:52:26 CET.
Flavor | Version | Tinstall | Tcheck | Ttotal | Status | Flags |
---|---|---|---|---|---|---|
r-devel-linux-x86_64-debian-clang | 0.1.0 | 4.78 | 54.96 | 59.74 | OK | |
r-devel-linux-x86_64-debian-gcc | 0.1.0 | 3.34 | 41.66 | 45.00 | OK | |
r-devel-linux-x86_64-fedora-clang | 0.1.0 | 75.43 | NOTE | |||
r-devel-linux-x86_64-fedora-gcc | 0.1.0 | 281.94 | NOTE | |||
r-devel-windows-x86_64 | 0.1.0 | 5.00 | 71.00 | 76.00 | OK | |
r-patched-linux-x86_64 | 0.1.0 | 2.85 | 52.61 | 55.46 | OK | |
r-release-linux-x86_64 | 0.1.0 | 2.86 | 52.70 | 55.56 | OK | |
r-release-macos-arm64 | 0.1.0 | 75.00 | OK | |||
r-release-macos-x86_64 | 0.1.0 | 191.00 | OK | |||
r-release-windows-x86_64 | 0.1.0 | 6.00 | 78.00 | 84.00 | OK | |
r-oldrel-macos-arm64 | 0.1.0 | 67.00 | OK | |||
r-oldrel-macos-x86_64 | 0.1.0 | 111.00 | OK | |||
r-oldrel-windows-x86_64 | 0.1.0 | 6.00 | 77.00 | 83.00 | OK |
Version: 0.1.0
Check: data for non-ASCII characters
Result: NOTE
Note: found 3 marked UTF-8 strings
Flavors: r-devel-linux-x86_64-fedora-clang, r-devel-linux-x86_64-fedora-gcc