CRAN Package Check Results for Package SpatialPosition

Last updated on 2020-02-26 13:48:00 CET.

Flavor Version Tinstall Tcheck Ttotal Status Flags
r-devel-linux-x86_64-debian-clang 2.0.0 10.11 280.76 290.87 OK
r-devel-linux-x86_64-debian-gcc 2.0.0 OK
r-devel-linux-x86_64-fedora-clang 2.0.0 345.49 WARN
r-devel-linux-x86_64-fedora-gcc 2.0.0 344.51 WARN
r-devel-windows-ix86+x86_64 2.0.0 20.00 292.00 312.00 OK
r-devel-windows-ix86+x86_64-gcc8 2.0.0 21.00 297.00 318.00 OK
r-patched-linux-x86_64 2.0.0 8.53 249.18 257.71 OK
r-patched-solaris-x86 2.0.0 504.50 OK
r-release-linux-x86_64 2.0.0 8.25 252.36 260.61 OK
r-release-windows-ix86+x86_64 2.0.0 15.00 275.00 290.00 OK
r-release-osx-x86_64 2.0.0 OK
r-oldrel-windows-ix86+x86_64 2.0.0 12.00 298.00 310.00 OK
r-oldrel-osx-x86_64 2.0.0 OK

Check Details

Version: 2.0.0
Check: whether package can be installed
Result: WARN
    Found the following significant warnings:
     Warning: namespace ‘rgdal’ is not available and has been replaced
Flavors: r-devel-linux-x86_64-fedora-clang, r-devel-linux-x86_64-fedora-gcc