Last updated on 2023-12-11 16:53:09 CET.
Flavor | Version | Tinstall | Tcheck | Ttotal | Status | Flags |
---|---|---|---|---|---|---|
r-devel-linux-x86_64-debian-clang | 1.0-4 | 7.46 | 74.82 | 82.28 | NOTE | |
r-devel-linux-x86_64-debian-gcc | 1.0-4 | 6.28 | 55.96 | 62.24 | NOTE | |
r-devel-linux-x86_64-fedora-clang | 1.0-4 | 100.67 | OK | |||
r-devel-linux-x86_64-fedora-gcc | 1.0-4 | 96.81 | OK | |||
r-devel-windows-x86_64 | 1.0-4 | 9.00 | 72.00 | 81.00 | OK | |
r-patched-linux-x86_64 | 1.0-4 | 8.51 | 73.79 | 82.30 | OK | |
r-release-linux-x86_64 | 1.0-4 | 6.81 | 70.93 | 77.74 | OK | |
r-release-macos-arm64 | 1.0-4 | 34.00 | OK | |||
r-release-macos-x86_64 | 1.0-4 | 75.00 | OK | |||
r-release-windows-x86_64 | 1.0-4 | 10.00 | 83.00 | 93.00 | OK | |
r-oldrel-macos-arm64 | 1.0-4 | 37.00 | OK | |||
r-oldrel-macos-x86_64 | 1.0-4 | 49.00 | OK | |||
r-oldrel-windows-x86_64 | 1.0-4 | 11.00 | 92.00 | 103.00 | OK |
Version: 1.0-4
Check: Rd files
Result: NOTE
checkRd: (-1) distSG.Rd:40: Lost braces; missing escapes or markup?
40 | matrix and weight matrix (plus a matrix with {eID} identifiers
| ^
Flavors: r-devel-linux-x86_64-debian-clang, r-devel-linux-x86_64-debian-gcc