Last updated on 2023-12-10 19:49:26 CET.
Flavor | Version | Tinstall | Tcheck | Ttotal | Status | Flags |
---|---|---|---|---|---|---|
r-devel-linux-x86_64-debian-clang | 0.14-0 | 70.11 | 92.33 | 162.44 | NOTE | |
r-devel-linux-x86_64-debian-gcc | 0.14-0 | 49.99 | 66.31 | 116.30 | NOTE | |
r-devel-linux-x86_64-fedora-clang | 0.14-0 | 246.22 | OK | |||
r-devel-linux-x86_64-fedora-gcc | 0.14-0 | 246.45 | OK | |||
r-devel-windows-x86_64 | 0.14-0 | 57.00 | 138.00 | 195.00 | OK | |
r-patched-linux-x86_64 | 0.14-0 | 59.64 | 86.51 | 146.15 | OK | |
r-release-linux-x86_64 | 0.14-0 | 57.77 | 84.11 | 141.88 | OK | |
r-release-macos-arm64 | 0.14-0 | 59.00 | OK | |||
r-release-macos-x86_64 | 0.14-0 | 89.00 | OK | |||
r-release-windows-x86_64 | 0.14-0 | 73.00 | 139.00 | 212.00 | OK | |
r-oldrel-macos-arm64 | 0.14-0 | 56.00 | OK | |||
r-oldrel-macos-x86_64 | 0.14-0 | 85.00 | OK | |||
r-oldrel-windows-x86_64 | 0.14-0 | 70.00 | 127.00 | 197.00 | OK |
Version: 0.14-0
Check: Rd files
Result: NOTE
checkRd: (-1) SpatialBSS-package.Rd:25: Lost braces in \itemize; meant \describe ?
checkRd: (-1) SpatialBSS-package.Rd:26: Lost braces in \itemize; meant \describe ?
checkRd: (-1) SpatialBSS-package.Rd:27: Lost braces in \itemize; meant \describe ?
checkRd: (-1) SpatialBSS-package.Rd:28: Lost braces in \itemize; meant \describe ?
Flavors: r-devel-linux-x86_64-debian-clang, r-devel-linux-x86_64-debian-gcc