CRAN Package Check Results for Package SpatPCA

Last updated on 2024-03-03 13:54:28 CET.

Flavor Version Tinstall Tcheck Ttotal Status Flags
r-devel-linux-x86_64-debian-clang 1.3.5 52.98 120.76 173.74 NOTE
r-devel-linux-x86_64-debian-gcc 1.3.5 40.68 95.90 136.58 NOTE
r-devel-linux-x86_64-fedora-clang 1.3.5 224.24 NOTE
r-devel-linux-x86_64-fedora-gcc 1.3.5 252.13 NOTE
r-devel-windows-x86_64 1.3.5 43.00 113.00 156.00 NOTE
r-patched-linux-x86_64 1.3.5 52.93 121.11 174.04 NOTE
r-release-linux-x86_64 1.3.5 54.59 122.86 177.45 NOTE
r-release-macos-arm64 1.3.5 60.00 NOTE
r-release-macos-x86_64 1.3.5 128.00 NOTE
r-release-windows-x86_64 1.3.5 56.00 134.00 190.00 NOTE
r-oldrel-macos-arm64 1.3.5 66.00 NOTE
r-oldrel-windows-x86_64 1.3.5 51.00 125.00 176.00 NOTE

Check Details

Version: 1.3.5
Check: for GNU extensions in Makefiles
Result: NOTE GNU make is a SystemRequirements. Flavors: r-devel-linux-x86_64-debian-clang, r-devel-linux-x86_64-debian-gcc, r-devel-linux-x86_64-fedora-clang, r-devel-linux-x86_64-fedora-gcc, r-devel-windows-x86_64, r-patched-linux-x86_64, r-release-linux-x86_64, r-release-macos-arm64, r-release-macos-x86_64, r-release-windows-x86_64, r-oldrel-macos-arm64, r-oldrel-windows-x86_64

Version: 1.3.5
Check: installed package size
Result: NOTE installed size is 6.0Mb sub-directories of 1Mb or more: doc 1.8Mb libs 4.1Mb Flavors: r-release-macos-arm64, r-release-macos-x86_64, r-oldrel-macos-arm64