CRAN Package Check Results for Package SparseTSCGM

Last updated on 2022-08-16 04:53:51 CEST.

Flavor Version Tinstall Tcheck Ttotal Status Flags
r-devel-linux-x86_64-debian-clang 4.0 12.65 107.25 119.90 OK
r-devel-linux-x86_64-debian-gcc 4.0 10.01 81.70 91.71 OK
r-devel-linux-x86_64-fedora-clang 4.0 157.34 NOTE
r-devel-linux-x86_64-fedora-gcc 4.0 147.28 NOTE
r-devel-windows-x86_64 4.0 28.00 128.00 156.00 OK
r-patched-linux-x86_64 4.0 16.01 102.26 118.27 OK
r-release-linux-x86_64 4.0 11.95 101.03 112.98 OK
r-release-macos-arm64 4.0 40.00 OK
r-release-macos-x86_64 4.0 58.00 OK
r-release-windows-x86_64 4.0 29.00 125.00 154.00 OK
r-oldrel-macos-arm64 4.0 47.00 OK
r-oldrel-macos-x86_64 4.0 74.00 OK
r-oldrel-windows-ix86+x86_64 4.0 27.00 168.00 195.00 OK

Check Details

Version: 4.0
Check: compiled code
Result: NOTE
    File ‘SparseTSCGM/libs/SparseTSCGM.so’:
     Found no calls to: ‘R_registerRoutines’, ‘R_useDynamicSymbols’
    
    It is good practice to register native routines and to disable symbol
    search.
    
    See ‘Writing portable packages’ in the ‘Writing R Extensions’ manual.
Flavors: r-devel-linux-x86_64-fedora-clang, r-devel-linux-x86_64-fedora-gcc