CRAN Package Check Results for Package SparseGrid

Last updated on 2019-06-24 12:47:21 CEST.

Flavor Version Tinstall Tcheck Ttotal Status Flags
r-devel-linux-x86_64-debian-clang 0.8.2 2.41 45.52 47.93 NOTE
r-devel-linux-x86_64-debian-gcc 0.8.2 1.91 32.24 34.15 NOTE
r-devel-linux-x86_64-fedora-clang 0.8.2 56.69 NOTE
r-devel-linux-x86_64-fedora-gcc 0.8.2 53.53 NOTE
r-devel-windows-ix86+x86_64 0.8.2 7.00 78.00 85.00 NOTE
r-patched-linux-x86_64 0.8.2 2.54 43.53 46.07 NOTE
r-patched-solaris-x86 0.8.2 78.50 NOTE
r-release-linux-x86_64 0.8.2 2.48 43.98 46.46 NOTE
r-release-windows-ix86+x86_64 0.8.2 5.00 73.00 78.00 NOTE
r-release-osx-x86_64 0.8.2 NOTE
r-oldrel-windows-ix86+x86_64 0.8.2 3.00 54.00 57.00 NOTE
r-oldrel-osx-x86_64 0.8.2 NOTE

Check Details

Version: 0.8.2
Check: DESCRIPTION meta-information
Result: NOTE
    Malformed Description field: should contain one or more complete sentences.
Flavors: r-devel-linux-x86_64-debian-clang, r-devel-linux-x86_64-debian-gcc, r-devel-linux-x86_64-fedora-clang, r-devel-linux-x86_64-fedora-gcc, r-devel-windows-ix86+x86_64, r-patched-linux-x86_64, r-patched-solaris-x86, r-release-linux-x86_64, r-release-windows-ix86+x86_64, r-release-osx-x86_64, r-oldrel-windows-ix86+x86_64, r-oldrel-osx-x86_64