CRAN Package Check Results for Package SparseFactorAnalysis

Last updated on 2020-06-01 06:48:38 CEST.

Flavor Version Tinstall Tcheck Ttotal Status Flags
r-devel-linux-x86_64-debian-clang 1.0 67.69 59.50 127.19 OK
r-devel-linux-x86_64-debian-gcc 1.0 52.43 44.36 96.79 OK
r-devel-linux-x86_64-fedora-clang 1.0 177.82 NOTE
r-devel-linux-x86_64-fedora-gcc 1.0 153.63 NOTE
r-devel-windows-ix86+x86_64 1.0 170.00 101.00 271.00 OK
r-patched-linux-x86_64 1.0 56.07 57.50 113.57 OK
r-patched-solaris-x86 1.0 168.60 OK
r-release-linux-x86_64 1.0 52.52 57.60 110.12 OK
r-release-osx-x86_64 1.0 OK
r-release-windows-ix86+x86_64 1.0 133.00 127.00 260.00 OK
r-oldrel-osx-x86_64 1.0 OK
r-oldrel-windows-ix86+x86_64 1.0 126.00 82.00 208.00 OK

Check Details

Version: 1.0
Check: compiled code
Result: NOTE
    File ‘SparseFactorAnalysis/libs/SparseFactorAnalysis.so’:
     Found no calls to: ‘R_registerRoutines’, ‘R_useDynamicSymbols’
    
    It is good practice to register native routines and to disable symbol
    search.
    
    See ‘Writing portable packages’ in the ‘Writing R Extensions’ manual.
Flavors: r-devel-linux-x86_64-fedora-clang, r-devel-linux-x86_64-fedora-gcc