CRAN Package Check Results for Package SparseFactorAnalysis

Last updated on 2019-09-20 15:47:14 CEST.

Flavor Version Tinstall Tcheck Ttotal Status Flags
r-devel-linux-x86_64-debian-clang 1.0 51.84 49.31 101.15 OK
r-devel-linux-x86_64-debian-gcc 1.0 46.76 38.74 85.50 OK
r-devel-linux-x86_64-fedora-clang 1.0 148.42 NOTE
r-devel-linux-x86_64-fedora-gcc 1.0 143.88 NOTE
r-devel-windows-ix86+x86_64 1.0 137.00 135.00 272.00 OK
r-patched-linux-x86_64 1.0 49.97 46.72 96.69 OK
r-patched-solaris-x86 1.0 159.00 OK
r-release-linux-x86_64 1.0 46.91 47.16 94.07 OK
r-release-windows-ix86+x86_64 1.0 98.00 84.00 182.00 OK
r-release-osx-x86_64 1.0 OK
r-oldrel-windows-ix86+x86_64 1.0 101.00 82.00 183.00 OK
r-oldrel-osx-x86_64 1.0 OK

Check Details

Version: 1.0
Check: compiled code
Result: NOTE
    File ‘SparseFactorAnalysis/libs/SparseFactorAnalysis.so’:
     Found no calls to: ‘R_registerRoutines’, ‘R_useDynamicSymbols’
    
    It is good practice to register native routines and to disable symbol
    search.
    
    See ‘Writing portable packages’ in the ‘Writing R Extensions’ manual.
Flavors: r-devel-linux-x86_64-fedora-clang, r-devel-linux-x86_64-fedora-gcc