CRAN Package Check Results for Package SparseBiplots

Last updated on 2020-10-21 14:47:11 CEST.

Flavor Version Tinstall Tcheck Ttotal Status Flags
r-devel-linux-x86_64-debian-clang 4.0.0 9.89 84.08 93.97 OK
r-devel-linux-x86_64-debian-gcc 4.0.0 7.77 62.21 69.98 OK
r-devel-linux-x86_64-fedora-clang 4.0.0 115.91 NOTE
r-devel-linux-x86_64-fedora-gcc 4.0.0 107.56 NOTE
r-devel-windows-ix86+x86_64 4.0.0 21.00 100.00 121.00 OK
r-patched-linux-x86_64 4.0.0 9.72 74.94 84.66 OK
r-patched-solaris-x86 4.0.0 157.50 NOTE
r-release-linux-x86_64 4.0.0 10.36 76.13 86.49 OK
r-release-macos-x86_64 4.0.0 NOTE
r-release-windows-ix86+x86_64 4.0.0 16.00 99.00 115.00 OK
r-oldrel-macos-x86_64 4.0.0 NOTE
r-oldrel-windows-ix86+x86_64 4.0.0 19.00 96.00 115.00 OK

Check Details

Version: 4.0.0
Check: dependencies in R code
Result: NOTE
    Namespaces in Imports field not imported from:
     ‘gtable’ ‘rlang’ ‘testthat’
     All declared Imports should be used.
Flavors: r-devel-linux-x86_64-fedora-clang, r-devel-linux-x86_64-fedora-gcc, r-patched-solaris-x86, r-release-macos-x86_64, r-oldrel-macos-x86_64