CRAN Package Check Results for Package SpaTimeClus

Last updated on 2021-12-04 21:53:23 CET.

Flavor Version Tinstall Tcheck Ttotal Status Flags
r-devel-linux-x86_64-debian-clang 1.0.1 81.84 37.27 119.11 OK
r-devel-linux-x86_64-debian-gcc 1.0.1 64.06 30.10 94.16 OK
r-devel-linux-x86_64-fedora-clang 1.0.1 199.66 NOTE
r-devel-linux-x86_64-fedora-gcc 1.0.1 162.04 NOTE
r-devel-windows-x86_64-new-UL 1.0.1 112.00 93.00 205.00 OK
r-devel-windows-x86_64-new-TK 1.0.1 OK
r-devel-windows-x86_64-old 1.0.1 113.00 45.00 158.00 OK
r-patched-linux-x86_64 1.0.1 77.63 28.90 106.53 OK
r-release-linux-x86_64 1.0.1 71.85 28.67 100.52 OK
r-release-macos-arm64 1.0.1 NOTE
r-release-macos-x86_64 1.0.1 OK
r-release-windows-ix86+x86_64 1.0.1 224.00 74.00 298.00 OK
r-oldrel-macos-x86_64 1.0.1 OK
r-oldrel-windows-ix86+x86_64 1.0.1 219.00 82.00 301.00 OK

Check Details

Version: 1.0.1
Check: compiled code
Result: NOTE
    File ‘SpaTimeClus/libs/SpaTimeClus.so’:
     Found no calls to: ‘R_registerRoutines’, ‘R_useDynamicSymbols’
    
    It is good practice to register native routines and to disable symbol
    search.
    
    See ‘Writing portable packages’ in the ‘Writing R Extensions’ manual.
Flavors: r-devel-linux-x86_64-fedora-clang, r-devel-linux-x86_64-fedora-gcc

Version: 1.0.1
Check: installed package size
Result: NOTE
     installed size is 5.6Mb
     sub-directories of 1Mb or more:
     libs 5.4Mb
Flavor: r-release-macos-arm64