Last updated on 2023-09-28 21:56:36 CEST.
Flavor | Version | Tinstall | Tcheck | Ttotal | Status | Flags |
---|---|---|---|---|---|---|
r-devel-linux-x86_64-debian-clang | 2.0.4 | 62.34 | 576.62 | 638.96 | NOTE | |
r-devel-linux-x86_64-debian-gcc | 2.0.4 | 40.22 | 414.07 | 454.29 | NOTE | |
r-devel-linux-x86_64-fedora-clang | 2.0.4 | 811.07 | NOTE | |||
r-devel-linux-x86_64-fedora-gcc | 2.0.4 | 779.60 | NOTE | |||
r-devel-windows-x86_64 | 2.0.4 | 45.00 | 378.00 | 423.00 | NOTE | |
r-patched-linux-x86_64 | 2.0.4 | 61.79 | 534.79 | 596.58 | NOTE | |
r-release-linux-x86_64 | 2.0.4 | 53.05 | 527.53 | 580.58 | NOTE | |
r-release-macos-arm64 | 2.0.4 | 186.00 | NOTE | |||
r-release-macos-x86_64 | 2.0.4 | 531.00 | NOTE | |||
r-release-windows-x86_64 | 2.0.4 | 58.00 | 570.00 | 628.00 | NOTE | |
r-oldrel-macos-arm64 | 2.0.4 | 171.00 | OK | |||
r-oldrel-macos-x86_64 | 2.0.4 | 224.00 | NOTE | |||
r-oldrel-windows-x86_64 | 2.0.4 | 56.00 | 483.00 | 539.00 | NOTE |
Version: 2.0.4
Check: package dependencies
Result: NOTE
Package suggested but not available for checking: ‘NLMR’
Flavors: r-devel-linux-x86_64-debian-clang, r-devel-linux-x86_64-debian-gcc, r-devel-linux-x86_64-fedora-clang, r-devel-linux-x86_64-fedora-gcc, r-devel-windows-x86_64, r-patched-linux-x86_64, r-release-linux-x86_64, r-release-macos-arm64, r-release-macos-x86_64, r-release-windows-x86_64, r-oldrel-macos-x86_64, r-oldrel-windows-x86_64