CRAN Package Check Results for Package SpaDES.tools

Last updated on 2021-06-18 21:53:33 CEST.

Flavor Version Tinstall Tcheck Ttotal Status Flags
r-devel-linux-x86_64-debian-clang 0.3.8 47.06 266.91 313.97 OK
r-devel-linux-x86_64-debian-gcc 0.3.8 30.95 185.09 216.04 OK
r-devel-linux-x86_64-fedora-clang 0.3.8 372.01 NOTE
r-devel-linux-x86_64-fedora-gcc 0.3.8 361.39 NOTE
r-devel-windows-x86_64 0.3.8 60.00 286.00 346.00 OK
r-devel-windows-x86_64-gcc10-UCRT 0.3.8 NOTE
r-patched-linux-x86_64 0.3.8 39.87 234.08 273.95 OK
r-patched-solaris-x86 0.3.8 446.50 NOTE
r-release-linux-x86_64 0.3.8 41.58 236.51 278.09 OK
r-release-macos-arm64 0.3.6 OK
r-release-macos-x86_64 0.3.8 NOTE
r-release-windows-ix86+x86_64 0.3.8 76.00 426.00 502.00 OK
r-oldrel-macos-x86_64 0.3.8 NOTE
r-oldrel-windows-ix86+x86_64 0.3.8 74.00 303.00 377.00 OK

Check Details

Version: 0.3.8
Check: dependencies in R code
Result: NOTE
    Namespace in Imports field not imported from: ‘Require’
     All declared Imports should be used.
Flavors: r-devel-linux-x86_64-fedora-clang, r-devel-linux-x86_64-fedora-gcc, r-devel-windows-x86_64-gcc10-UCRT, r-patched-solaris-x86, r-release-macos-x86_64, r-oldrel-macos-x86_64

Version: 0.3.8
Check: package dependencies
Result: NOTE
    Package suggested but not available for checking: 'sf'
Flavor: r-devel-windows-x86_64-gcc10-UCRT