CRAN Package Check Results for Package SpaDES.tools

Last updated on 2020-08-03 21:48:57 CEST.

Flavor Version Tinstall Tcheck Ttotal Status Flags
r-devel-linux-x86_64-debian-clang 0.3.6 52.96 247.31 300.27 NOTE
r-devel-linux-x86_64-debian-gcc 0.3.6 39.97 175.97 215.94 NOTE
r-devel-linux-x86_64-fedora-clang 0.3.6 12.54 ERROR
r-devel-linux-x86_64-fedora-gcc 0.3.6 2.43 ERROR
r-devel-windows-ix86+x86_64 0.3.6 131.00 331.00 462.00 OK
r-patched-linux-x86_64 0.3.6 36.46 225.23 261.69 NOTE
r-patched-solaris-x86 0.3.6 4.70 ERROR
r-release-linux-x86_64 0.3.6 34.12 227.60 261.72 NOTE
r-release-macos-x86_64 0.3.6 OK
r-release-windows-ix86+x86_64 0.3.6 140.00 469.00 609.00 OK
r-oldrel-macos-x86_64 0.3.6 OK
r-oldrel-windows-ix86+x86_64 0.3.6 86.00 297.00 383.00 OK

Check Details

Version: 0.3.6
Check: package dependencies
Result: NOTE
    Package suggested but not available for checking: 'ffbase'
Flavors: r-devel-linux-x86_64-debian-clang, r-devel-linux-x86_64-debian-gcc, r-patched-linux-x86_64, r-release-linux-x86_64

Version: 0.3.6
Check: package dependencies
Result: ERROR
    Package required but not available: ‘reproducible’
    
    Package suggested but not available for checking: ‘ffbase’
    
    See section ‘The DESCRIPTION file’ in the ‘Writing R Extensions’
    manual.
Flavors: r-devel-linux-x86_64-fedora-clang, r-devel-linux-x86_64-fedora-gcc, r-patched-solaris-x86