CRAN Package Check Results for Package SpaDES.tools

Last updated on 2019-06-25 12:46:51 CEST.

Flavor Version Tinstall Tcheck Ttotal Status Flags
r-devel-linux-x86_64-debian-clang 0.3.2 45.22 349.25 394.47 OK
r-devel-linux-x86_64-debian-gcc 0.3.2 36.86 471.24 508.10 ERROR
r-devel-linux-x86_64-fedora-clang 0.3.2 381.59 OK
r-devel-linux-x86_64-fedora-gcc 0.3.2 424.04 OK
r-devel-windows-ix86+x86_64 0.3.2 129.00 488.00 617.00 OK
r-patched-linux-x86_64 0.3.2 45.96 404.41 450.37 OK
r-patched-solaris-x86 0.3.2 472.00 OK
r-release-linux-x86_64 0.3.2 44.32 410.22 454.54 OK
r-release-windows-ix86+x86_64 0.3.2 97.00 398.00 495.00 OK
r-release-osx-x86_64 0.3.2 OK
r-oldrel-windows-ix86+x86_64 0.3.2 73.00 331.00 404.00 OK
r-oldrel-osx-x86_64 0.3.2 OK

Check Details

Version: 0.3.2
Check: tests
Result: ERROR
     Running ‘test-all.R’ [331s/326s]
    Running the tests in ‘tests/test-all.R’ failed.
    Complete output:
     > library(testthat)
     > test_check("SpaDES.tools")
     Loading required package: SpaDES.tools
     ── 1. Failure: spread2 tests (@test-spread2.R#162) ────────────────────────────
     st1[1] is not strictly less than 1. Difference: 0.114
    
     [1] "Scales with number of starts, not maxSize of raster"
     ══ testthat results ═══════════════════════════════════════════════════════════
     OK: 1047 SKIPPED: 11 WARNINGS: 0 FAILED: 1
     1. Failure: spread2 tests (@test-spread2.R#162)
    
     Error: testthat unit tests failed
     Execution halted
Flavor: r-devel-linux-x86_64-debian-gcc