Last updated on 2022-05-24 00:51:53 CEST.
Flavor | Version | Tinstall | Tcheck | Ttotal | Status | Flags |
---|---|---|---|---|---|---|
r-devel-linux-x86_64-debian-clang | 0.3.10 | 66.51 | 381.55 | 448.06 | NOTE | |
r-devel-linux-x86_64-debian-gcc | 0.3.10 | 52.04 | 274.99 | 327.03 | NOTE | |
r-devel-linux-x86_64-fedora-clang | 0.3.10 | 517.08 | NOTE | |||
r-devel-linux-x86_64-fedora-gcc | 0.3.10 | 511.59 | NOTE | |||
r-devel-windows-x86_64 | 0.3.10 | 102.00 | 430.00 | 532.00 | OK | |
r-patched-linux-x86_64 | 0.3.10 | 69.57 | 358.38 | 427.95 | NOTE | |
r-release-linux-x86_64 | 0.3.10 | NOTE | ||||
r-release-macos-arm64 | 0.3.10 | 115.00 | OK | |||
r-release-macos-x86_64 | 0.3.10 | 201.00 | NOTE | |||
r-release-windows-x86_64 | 0.3.10 | 89.00 | 438.00 | 527.00 | OK | |
r-oldrel-macos-arm64 | 0.3.10 | 109.00 | OK | |||
r-oldrel-macos-x86_64 | 0.3.10 | 167.00 | OK | |||
r-oldrel-windows-ix86+x86_64 | 0.3.10 | 137.00 | 623.00 | 760.00 | OK |
Version: 0.3.10
Check: package dependencies
Result: NOTE
Packages suggested but not available for checking:
'ffbase', 'gdalUtils', 'RandomFields'
Flavors: r-devel-linux-x86_64-debian-clang, r-devel-linux-x86_64-debian-gcc, r-devel-linux-x86_64-fedora-clang, r-devel-linux-x86_64-fedora-gcc, r-patched-linux-x86_64, r-release-linux-x86_64
Version: 0.3.10
Check: package dependencies
Result: NOTE
Package suggested but not available for checking: ‘ffbase’
Flavor: r-release-macos-x86_64