Last updated on 2023-03-22 12:54:02 CET.
Flavor | Version | Tinstall | Tcheck | Ttotal | Status | Flags |
---|---|---|---|---|---|---|
r-devel-linux-x86_64-debian-clang | 1.0.1 | 67.24 | 445.66 | 512.90 | NOTE | |
r-devel-linux-x86_64-debian-gcc | 1.0.1 | 55.04 | 327.24 | 382.28 | NOTE | |
r-devel-linux-x86_64-fedora-clang | 1.0.1 | 664.44 | NOTE | |||
r-devel-linux-x86_64-fedora-gcc | 1.0.1 | 637.66 | NOTE | |||
r-devel-windows-x86_64 | 1.0.1 | 134.00 | 489.00 | 623.00 | OK | |
r-patched-linux-x86_64 | 1.0.1 | 67.92 | 400.90 | 468.82 | NOTE | |
r-release-linux-x86_64 | 1.0.1 | 62.71 | 391.95 | 454.66 | NOTE | |
r-release-macos-arm64 | 1.0.1 | 137.00 | OK | |||
r-release-macos-x86_64 | 1.0.1 | 191.00 | NOTE | |||
r-release-windows-x86_64 | 1.0.1 | 126.00 | 448.00 | 574.00 | OK | |
r-oldrel-macos-arm64 | 1.0.1 | 125.00 | OK | |||
r-oldrel-macos-x86_64 | 1.0.1 | 182.00 | OK | |||
r-oldrel-windows-ix86+x86_64 | 1.0.1 | 141.00 | 665.00 | 806.00 | OK |
Version: 1.0.1
Check: package dependencies
Result: NOTE
Package suggested but not available for checking: ‘NLMR’
Flavors: r-devel-linux-x86_64-debian-clang, r-devel-linux-x86_64-debian-gcc, r-devel-linux-x86_64-fedora-clang, r-devel-linux-x86_64-fedora-gcc, r-patched-linux-x86_64, r-release-linux-x86_64, r-release-macos-x86_64